CRAN Package Check Results for Package DAP

Last updated on 2021-10-28 00:48:42 CEST.

Flavor Version Tinstall Tcheck Ttotal Status Flags
r-devel-linux-x86_64-debian-clang 1.0 2.90 22.49 25.39 NOTE
r-devel-linux-x86_64-debian-gcc 1.0 2.07 18.20 20.27 NOTE
r-devel-linux-x86_64-fedora-clang 1.0 42.70 NOTE
r-devel-linux-x86_64-fedora-gcc 1.0 31.48 NOTE
r-devel-windows-x86_64 1.0 6.00 43.00 49.00 NOTE
r-devel-windows-x86_64-gcc10-UCRT 1.0 NOTE
r-patched-linux-x86_64 1.0 2.92 22.40 25.32 NOTE
r-patched-solaris-x86 1.0 50.80 NOTE
r-release-linux-x86_64 1.0 2.72 22.12 24.84 NOTE
r-release-macos-arm64 1.0 NOTE
r-release-macos-x86_64 1.0 NOTE
r-release-windows-ix86+x86_64 1.0 7.00 49.00 56.00 NOTE
r-oldrel-macos-x86_64 1.0 OK
r-oldrel-windows-ix86+x86_64 1.0 7.00 51.00 58.00 OK

Check Details

Version: 1.0
Check: LazyData
Result: NOTE
     'LazyData' is specified without a 'data' directory
Flavors: r-devel-linux-x86_64-debian-clang, r-devel-linux-x86_64-debian-gcc, r-devel-linux-x86_64-fedora-clang, r-devel-linux-x86_64-fedora-gcc, r-devel-windows-x86_64, r-devel-windows-x86_64-gcc10-UCRT, r-patched-linux-x86_64, r-patched-solaris-x86, r-release-linux-x86_64, r-release-macos-arm64, r-release-macos-x86_64, r-release-windows-ix86+x86_64