CRAN Package Check Results for Package DCEM

Last updated on 2021-10-24 00:50:54 CEST.

Flavor Version Tinstall Tcheck Ttotal Status Flags
r-devel-linux-x86_64-debian-clang 2.0.4 17.81 34.71 52.52 OK
r-devel-linux-x86_64-debian-gcc 2.0.4 12.26 27.30 39.56 OK
r-devel-linux-x86_64-fedora-clang 2.0.4 83.96 NOTE
r-devel-linux-x86_64-fedora-gcc 2.0.4 67.89 NOTE
r-devel-windows-x86_64 2.0.4 27.00 73.00 100.00 OK
r-devel-windows-x86_64-gcc10-UCRT 2.0.4 NOTE
r-patched-linux-x86_64 2.0.4 16.73 34.36 51.09 OK
r-patched-solaris-x86 2.0.4 85.50 NOTE
r-release-linux-x86_64 2.0.4 15.72 33.33 49.05 OK
r-release-macos-arm64 2.0.4 NOTE
r-release-macos-x86_64 2.0.4 NOTE
r-release-windows-ix86+x86_64 2.0.4 38.00 80.00 118.00 OK
r-oldrel-macos-x86_64 2.0.4 NOTE
r-oldrel-windows-ix86+x86_64 2.0.4 50.00 77.00 127.00 OK

Check Details

Version: 2.0.4
Check: dependencies in R code
Result: NOTE
    Namespace in Imports field not imported from: ‘MASS’
     All declared Imports should be used.
Flavors: r-devel-linux-x86_64-fedora-clang, r-devel-linux-x86_64-fedora-gcc, r-devel-windows-x86_64-gcc10-UCRT, r-patched-solaris-x86, r-release-macos-arm64, r-release-macos-x86_64, r-oldrel-macos-x86_64