Last updated on 2023-09-23 00:53:50 CEST.
Flavor | Version | Tinstall | Tcheck | Ttotal | Status | Flags |
---|---|---|---|---|---|---|
r-devel-linux-x86_64-debian-clang | 1.0-1 | 8.41 | 270.32 | 278.73 | NOTE | |
r-devel-linux-x86_64-debian-gcc | 1.0-1 | 8.16 | 207.54 | 215.70 | NOTE | |
r-devel-linux-x86_64-fedora-clang | 1.0-1 | 321.85 | NOTE | |||
r-devel-linux-x86_64-fedora-gcc | 1.0-1 | 327.38 | NOTE | |||
r-devel-windows-x86_64 | 1.0-1 | 10.00 | 134.00 | 144.00 | NOTE | --no-vignettes |
r-patched-linux-x86_64 | 1.0-1 | 18.53 | 261.40 | 279.93 | NOTE | |
r-release-linux-x86_64 | 1.0-1 | 7.26 | 264.26 | 271.52 | NOTE | |
r-release-macos-arm64 | 1.0-1 | 289.00 | NOTE | |||
r-release-macos-x86_64 | 1.0-1 | 470.00 | NOTE | |||
r-release-windows-x86_64 | 1.0-1 | 14.00 | 152.00 | 166.00 | NOTE | --no-vignettes |
r-oldrel-macos-arm64 | 1.0-1 | 396.00 | NOTE | |||
r-oldrel-macos-x86_64 | 1.0-1 | 813.00 | NOTE | |||
r-oldrel-windows-x86_64 | 1.0-1 | 14.00 | 166.00 | 180.00 | NOTE | --no-vignettes |
Version: 1.0-1
Check: package dependencies
Result: NOTE
Package suggested but not available for checking: ‘INLA’
Flavors: r-devel-linux-x86_64-debian-clang, r-devel-linux-x86_64-debian-gcc, r-patched-linux-x86_64, r-release-linux-x86_64, r-release-macos-arm64, r-release-macos-x86_64, r-oldrel-macos-arm64, r-oldrel-macos-x86_64
Version: 1.0-1
Check: data for non-ASCII characters
Result: NOTE
Note: found 2 marked Latin-1 strings
Flavors: r-devel-linux-x86_64-fedora-clang, r-devel-linux-x86_64-fedora-gcc, r-oldrel-macos-arm64, r-oldrel-macos-x86_64
Version: 1.0-1
Flags: --no-vignettes
Check: package dependencies
Result: NOTE
Package suggested but not available for checking: 'INLA'
Flavors: r-devel-windows-x86_64, r-release-windows-x86_64, r-oldrel-windows-x86_64