CRAN Package Check Results for Package DDoutlier

Last updated on 2021-10-22 00:50:23 CEST.

Flavor Version Tinstall Tcheck Ttotal Status Flags
r-devel-linux-x86_64-debian-clang 0.1.0 2.41 24.84 27.25 NOTE
r-devel-linux-x86_64-debian-gcc 0.1.0 2.02 19.24 21.26 NOTE
r-devel-linux-x86_64-fedora-clang 0.1.0 45.19 NOTE
r-devel-linux-x86_64-fedora-gcc 0.1.0 33.48 NOTE
r-devel-windows-x86_64 0.1.0 5.00 45.00 50.00 NOTE
r-devel-windows-x86_64-gcc10-UCRT 0.1.0 NOTE
r-patched-linux-x86_64 0.1.0 2.75 24.49 27.24 NOTE
r-patched-solaris-x86 0.1.0 50.20 NOTE
r-release-linux-x86_64 0.1.0 2.30 23.81 26.11 NOTE
r-release-macos-arm64 0.1.0 NOTE
r-release-macos-x86_64 0.1.0 NOTE
r-release-windows-ix86+x86_64 0.1.0 5.00 46.00 51.00 NOTE
r-oldrel-macos-x86_64 0.1.0 OK
r-oldrel-windows-ix86+x86_64 0.1.0 7.00 42.00 49.00 OK

Check Details

Version: 0.1.0
Check: LazyData
Result: NOTE
     'LazyData' is specified without a 'data' directory
Flavors: r-devel-linux-x86_64-debian-clang, r-devel-linux-x86_64-debian-gcc, r-devel-linux-x86_64-fedora-clang, r-devel-linux-x86_64-fedora-gcc, r-devel-windows-x86_64, r-devel-windows-x86_64-gcc10-UCRT, r-patched-linux-x86_64, r-patched-solaris-x86, r-release-linux-x86_64, r-release-macos-arm64, r-release-macos-x86_64, r-release-windows-ix86+x86_64