CRAN Package Check Results for Package DDoutlier

Last updated on 2024-04-17 00:54:17 CEST.

Flavor Version Tinstall Tcheck Ttotal Status Flags
r-devel-linux-x86_64-debian-clang 0.1.0 2.43 27.57 30.00 NOTE
r-devel-linux-x86_64-debian-gcc 0.1.0 1.79 20.80 22.59 NOTE
r-devel-linux-x86_64-fedora-clang 0.1.0 38.50 NOTE
r-devel-linux-x86_64-fedora-gcc 0.1.0 35.24 NOTE
r-prerel-macos-arm64 0.1.0 17.00 NOTE
r-prerel-windows-x86_64 0.1.0 4.00 45.00 49.00 NOTE
r-patched-linux-x86_64 0.1.0 3.36 26.13 29.49 NOTE
r-release-linux-x86_64 0.1.0 2.68 26.01 28.69 NOTE
r-release-macos-arm64 0.1.0 16.00 NOTE
r-release-macos-x86_64 0.1.0 21.00 NOTE
r-release-windows-x86_64 0.1.0 3.00 45.00 48.00 NOTE
r-oldrel-macos-arm64 0.1.0 17.00 NOTE
r-oldrel-windows-x86_64 0.1.0 5.00 49.00 54.00 NOTE

Check Details

Version: 0.1.0
Check: LazyData
Result: NOTE 'LazyData' is specified without a 'data' directory Flavors: r-devel-linux-x86_64-debian-clang, r-devel-linux-x86_64-debian-gcc, r-devel-linux-x86_64-fedora-clang, r-devel-linux-x86_64-fedora-gcc, r-prerel-macos-arm64, r-prerel-windows-x86_64, r-patched-linux-x86_64, r-release-linux-x86_64, r-release-macos-arm64, r-release-macos-x86_64, r-release-windows-x86_64, r-oldrel-macos-arm64, r-oldrel-windows-x86_64