CRAN Package Check Results for Package DDoutlier

Last updated on 2023-03-23 00:51:08 CET.

Flavor Version Tinstall Tcheck Ttotal Status Flags
r-devel-linux-x86_64-debian-clang 0.1.0 2.66 26.46 29.12 NOTE
r-devel-linux-x86_64-debian-gcc 0.1.0 2.43 20.76 23.19 NOTE
r-devel-linux-x86_64-fedora-clang 0.1.0 38.27 NOTE
r-devel-linux-x86_64-fedora-gcc 0.1.0 36.40 NOTE
r-devel-windows-x86_64 0.1.0 21.00 59.00 80.00 NOTE
r-patched-linux-x86_64 0.1.0 3.28 26.76 30.04 NOTE
r-release-linux-x86_64 0.1.0 2.67 27.15 29.82 NOTE
r-release-macos-arm64 0.1.0 16.00 NOTE
r-release-macos-x86_64 0.1.0 22.00 NOTE
r-release-windows-x86_64 0.1.0 5.00 64.00 69.00 NOTE
r-oldrel-macos-arm64 0.1.0 18.00 NOTE
r-oldrel-macos-x86_64 0.1.0 28.00 NOTE
r-oldrel-windows-ix86+x86_64 0.1.0 6.00 52.00 58.00 NOTE

Check Details

Version: 0.1.0
Check: LazyData
Result: NOTE
     'LazyData' is specified without a 'data' directory
Flavors: r-devel-linux-x86_64-debian-clang, r-devel-linux-x86_64-debian-gcc, r-devel-linux-x86_64-fedora-clang, r-devel-linux-x86_64-fedora-gcc, r-devel-windows-x86_64, r-patched-linux-x86_64, r-release-linux-x86_64, r-release-macos-arm64, r-release-macos-x86_64, r-release-windows-x86_64, r-oldrel-macos-arm64, r-oldrel-macos-x86_64, r-oldrel-windows-ix86+x86_64