Last updated on 2023-04-01 00:52:57 CEST.
Flavor | Version | Tinstall | Tcheck | Ttotal | Status | Flags |
---|---|---|---|---|---|---|
r-devel-linux-x86_64-debian-clang | 0.4.6 | 14.33 | 307.60 | 321.93 | OK | |
r-devel-linux-x86_64-debian-gcc | 0.4.6 | 11.01 | 226.01 | 237.02 | OK | |
r-devel-linux-x86_64-fedora-clang | 0.4.6 | 378.90 | NOTE | |||
r-devel-linux-x86_64-fedora-gcc | 0.4.6 | 406.19 | OK | |||
r-devel-windows-x86_64 | 0.4.6 | 46.00 | 382.00 | 428.00 | NOTE | |
r-patched-linux-x86_64 | 0.4.6 | 13.03 | 290.52 | 303.55 | OK | |
r-release-linux-x86_64 | 0.4.6 | 12.23 | 285.70 | 297.93 | OK | |
r-release-macos-arm64 | 0.4.6 | 110.00 | NOTE | |||
r-release-macos-x86_64 | 0.4.6 | 151.00 | NOTE | |||
r-release-windows-x86_64 | 0.4.6 | 46.00 | 375.00 | 421.00 | NOTE | |
r-oldrel-macos-arm64 | 0.4.6 | 108.00 | NOTE | |||
r-oldrel-macos-x86_64 | 0.4.6 | 151.00 | NOTE | |||
r-oldrel-windows-ix86+x86_64 | 0.4.6 | 27.00 | 339.00 | 366.00 | NOTE |
Version: 0.4.6
Check: installed package size
Result: NOTE
installed size is 5.5Mb
sub-directories of 1Mb or more:
doc 5.1Mb
Flavors: r-devel-linux-x86_64-fedora-clang, r-devel-windows-x86_64, r-release-macos-arm64, r-release-macos-x86_64, r-release-windows-x86_64, r-oldrel-macos-arm64, r-oldrel-macos-x86_64, r-oldrel-windows-ix86+x86_64