CRAN Package Check Results for Package DIFshiny

Last updated on 2021-12-08 00:49:16 CET.

Flavor Version Tinstall Tcheck Ttotal Status Flags
r-devel-linux-x86_64-debian-clang 0.1.0 11.18 93.59 104.77 NOTE
r-devel-linux-x86_64-debian-gcc 0.1.0 7.04 72.96 80.00 NOTE
r-devel-linux-x86_64-fedora-clang 0.1.0 126.41 NOTE
r-devel-linux-x86_64-fedora-gcc 0.1.0 115.44 NOTE
r-devel-windows-x86_64-new-UL 0.1.0 19.00 124.00 143.00 NOTE
r-devel-windows-x86_64-new-TK 0.1.0 NOTE
r-devel-windows-x86_64-old 0.1.0 18.00 110.00 128.00 NOTE
r-patched-linux-x86_64 0.1.0 10.57 89.83 100.40 NOTE
r-release-linux-x86_64 0.1.0 11.68 90.93 102.61 NOTE
r-release-macos-arm64 0.1.0 NOTE
r-release-macos-x86_64 0.1.0 NOTE
r-release-windows-ix86+x86_64 0.1.0 20.00 107.00 127.00 NOTE
r-oldrel-macos-x86_64 0.1.0 OK
r-oldrel-windows-ix86+x86_64 0.1.0 26.00 108.00 134.00 OK

Check Details

Version: 0.1.0
Check: LazyData
Result: NOTE
     'LazyData' is specified without a 'data' directory
Flavors: r-devel-linux-x86_64-debian-clang, r-devel-linux-x86_64-debian-gcc, r-devel-linux-x86_64-fedora-clang, r-devel-linux-x86_64-fedora-gcc, r-devel-windows-x86_64-new-UL, r-devel-windows-x86_64-new-TK, r-devel-windows-x86_64-old, r-patched-linux-x86_64, r-release-linux-x86_64, r-release-macos-arm64, r-release-macos-x86_64, r-release-windows-ix86+x86_64