Last updated on 2025-01-20 00:48:18 CET.
Flavor | Version | Tinstall | Tcheck | Ttotal | Status | Flags |
---|---|---|---|---|---|---|
r-devel-linux-x86_64-debian-clang | 0.1.0 | 11.77 | 95.77 | 107.54 | OK | |
r-devel-linux-x86_64-debian-gcc | 0.1.0 | 10.31 | 69.60 | 79.91 | OK | |
r-devel-linux-x86_64-fedora-clang | 0.1.0 | 170.63 | OK | |||
r-devel-linux-x86_64-fedora-gcc | 0.1.0 | 157.19 | OK | |||
r-devel-windows-x86_64 | 0.1.0 | 14.00 | 96.00 | 110.00 | OK | |
r-patched-linux-x86_64 | 0.1.0 | 13.71 | 88.50 | 102.21 | NOTE | |
r-release-linux-x86_64 | 0.1.0 | 11.54 | 88.01 | 99.55 | NOTE | |
r-release-macos-arm64 | 0.1.0 | 35.00 | NOTE | |||
r-release-macos-x86_64 | 0.1.0 | 54.00 | NOTE | |||
r-release-windows-x86_64 | 0.1.0 | 15.00 | 98.00 | 113.00 | NOTE | |
r-oldrel-macos-arm64 | 0.1.0 | 45.00 | NOTE | |||
r-oldrel-macos-x86_64 | 0.1.0 | 61.00 | NOTE | |||
r-oldrel-windows-x86_64 | 0.1.0 | 19.00 | 124.00 | 143.00 | NOTE |
Version: 0.1.0
Check: LazyData
Result: NOTE
'LazyData' is specified without a 'data' directory
Flavors: r-patched-linux-x86_64, r-release-linux-x86_64, r-release-macos-arm64, r-release-macos-x86_64, r-release-windows-x86_64, r-oldrel-macos-arm64, r-oldrel-macos-x86_64, r-oldrel-windows-x86_64