CRAN Package Check Results for Package DMTL

Last updated on 2021-10-16 00:49:12 CEST.

Flavor Version Tinstall Tcheck Ttotal Status Flags
r-devel-linux-x86_64-debian-clang 0.1.2 2.27 42.88 45.15 NOTE
r-devel-linux-x86_64-debian-gcc 0.1.2 1.93 32.45 34.38 NOTE
r-devel-linux-x86_64-fedora-clang 0.1.2 66.42 NOTE
r-devel-linux-x86_64-fedora-gcc 0.1.2 52.58 NOTE
r-devel-windows-x86_64 0.1.2 17.00 52.00 69.00 NOTE
r-devel-windows-x86_64-gcc10-UCRT 0.1.2 NOTE
r-patched-linux-x86_64 0.1.2 2.80 41.12 43.92 NOTE
r-patched-solaris-x86 0.1.2 121.10 NOTE
r-release-linux-x86_64 0.1.2 2.41 41.62 44.03 NOTE
r-release-macos-arm64 0.1.2 NOTE
r-release-macos-x86_64 0.1.2 NOTE
r-release-windows-ix86+x86_64 0.1.2 7.00 67.00 74.00 NOTE
r-oldrel-macos-x86_64 0.1.2 OK
r-oldrel-windows-ix86+x86_64 0.1.2 9.00 68.00 77.00 OK

Check Details

Version: 0.1.2
Check: LazyData
Result: NOTE
     'LazyData' is specified without a 'data' directory
Flavors: r-devel-linux-x86_64-debian-clang, r-devel-linux-x86_64-debian-gcc, r-devel-linux-x86_64-fedora-clang, r-devel-linux-x86_64-fedora-gcc, r-devel-windows-x86_64, r-devel-windows-x86_64-gcc10-UCRT, r-patched-linux-x86_64, r-patched-solaris-x86, r-release-linux-x86_64, r-release-macos-arm64, r-release-macos-x86_64, r-release-windows-ix86+x86_64