CRAN Package Check Results for Package DPP

Last updated on 2025-04-30 00:49:41 CEST.

Flavor Version Tinstall Tcheck Ttotal Status Flags
r-devel-linux-x86_64-debian-clang 0.1.2 33.88 45.84 79.72 OK
r-devel-linux-x86_64-debian-gcc 0.1.2 27.59 33.42 61.01 OK
r-devel-linux-x86_64-fedora-clang 0.1.2 132.19 OK
r-devel-linux-x86_64-fedora-gcc 0.1.2 153.95 OK
r-devel-windows-x86_64 0.1.2 41.00 91.00 132.00 OK
r-patched-linux-x86_64 0.1.2 36.01 44.05 80.06 OK
r-release-linux-x86_64 0.1.2 37.44 43.57 81.01 OK
r-release-macos-arm64 0.1.2 81.00 OK
r-release-macos-x86_64 0.1.2 91.00 OK
r-release-windows-x86_64 0.1.2 36.00 87.00 123.00 OK
r-oldrel-macos-arm64 0.1.2 42.00 NOTE
r-oldrel-macos-x86_64 0.1.2 72.00 NOTE
r-oldrel-windows-x86_64 0.1.2 34.00 100.00 134.00 OK

Check Details

Version: 0.1.2
Check: installed package size
Result: NOTE installed size is 6.3Mb sub-directories of 1Mb or more: libs 5.7Mb Flavors: r-oldrel-macos-arm64, r-oldrel-macos-x86_64