CRAN Package Check Results for Package DPWeibull

Last updated on 2021-12-06 00:48:27 CET.

Flavor Version Tinstall Tcheck Ttotal Status Flags
r-devel-linux-x86_64-debian-clang 1.7 111.75 87.98 199.73 OK
r-devel-linux-x86_64-debian-gcc 1.7 81.44 69.37 150.81 OK
r-devel-linux-x86_64-fedora-clang 1.7 296.79 OK
r-devel-linux-x86_64-fedora-gcc 1.7 269.21 OK
r-devel-windows-x86_64-new-UL 1.7 145.00 136.00 281.00 OK
r-devel-windows-x86_64-new-TK 1.7 OK
r-devel-windows-x86_64-old 1.7 143.00 88.00 231.00 OK
r-patched-linux-x86_64 1.7 97.29 77.86 175.15 OK
r-release-linux-x86_64 1.7 93.48 85.88 179.36 OK
r-release-macos-arm64 1.7 NOTE
r-release-macos-x86_64 1.7 OK
r-release-windows-ix86+x86_64 1.7 270.00 143.00 413.00 OK
r-oldrel-macos-x86_64 1.7 OK
r-oldrel-windows-ix86+x86_64 1.7 274.00 144.00 418.00 OK

Check Details

Version: 1.7
Check: installed package size
Result: NOTE
     installed size is 5.9Mb
     sub-directories of 1Mb or more:
     libs 5.7Mb
Flavor: r-release-macos-arm64