CRAN Package Check Results for Package DSMolgenisArmadillo

Last updated on 2021-10-17 00:48:35 CEST.

Flavor Version Tinstall Tcheck Ttotal Status Flags
r-devel-linux-x86_64-debian-clang 1.3.7 4.78 43.53 48.31 NOTE
r-devel-linux-x86_64-debian-gcc 1.3.7 3.54 34.38 37.92 NOTE
r-devel-linux-x86_64-fedora-clang 1.3.7 69.47 NOTE
r-devel-linux-x86_64-fedora-gcc 1.3.7 91.21 NOTE
r-devel-windows-x86_64 1.3.7 9.00 75.00 84.00 NOTE
r-devel-windows-x86_64-gcc10-UCRT 1.3.5 NOTE
r-patched-linux-x86_64 1.3.6 8.14 42.86 51.00 NOTE
r-patched-solaris-x86 1.3.7 81.00 NOTE
r-release-linux-x86_64 1.3.6 4.64 43.39 48.03 NOTE
r-release-macos-arm64 1.3.5 NOTE
r-release-macos-x86_64 1.3.7 NOTE
r-release-windows-ix86+x86_64 1.3.6 11.00 50.00 61.00 NOTE
r-oldrel-macos-x86_64 1.3.7 NOTE
r-oldrel-windows-ix86+x86_64 1.3.5 13.00 81.00 94.00 NOTE

Check Details

Version: 1.3.7
Check: package dependencies
Result: NOTE
    Package suggested but not available for checking: 'dsBaseClient'
Flavors: r-devel-linux-x86_64-debian-clang, r-devel-linux-x86_64-debian-gcc, r-devel-linux-x86_64-fedora-clang, r-devel-linux-x86_64-fedora-gcc, r-devel-windows-x86_64, r-patched-solaris-x86, r-release-macos-x86_64, r-oldrel-macos-x86_64

Version: 1.3.5
Check: package dependencies
Result: NOTE
    Package suggested but not available for checking: 'dsBaseClient'
Flavors: r-devel-windows-x86_64-gcc10-UCRT, r-release-macos-arm64, r-oldrel-windows-ix86+x86_64

Version: 1.3.6
Check: package dependencies
Result: NOTE
    Package suggested but not available for checking: ‘dsBaseClient’
Flavors: r-patched-linux-x86_64, r-release-linux-x86_64, r-release-windows-ix86+x86_64