CRAN Package Check Results for Package DSMolgenisArmadillo

Last updated on 2023-09-24 00:56:40 CEST.

Flavor Version Tinstall Tcheck Ttotal Status Flags
r-devel-linux-x86_64-debian-clang 2.0.0 6.74 55.61 62.35 NOTE
r-devel-linux-x86_64-debian-gcc 2.0.0 4.78 49.63 54.41 NOTE
r-devel-linux-x86_64-fedora-clang 2.0.0 77.29 NOTE
r-devel-linux-x86_64-fedora-gcc 2.0.0 121.19 NOTE
r-devel-windows-x86_64 2.0.0 8.00 68.00 76.00 NOTE
r-patched-linux-x86_64 2.0.0 7.28 53.88 61.16 NOTE
r-release-linux-x86_64 2.0.0 4.79 54.79 59.58 NOTE
r-release-macos-arm64 2.0.0 64.00 NOTE
r-release-macos-x86_64 2.0.0 87.00 NOTE
r-release-windows-x86_64 2.0.0 9.00 73.00 82.00 NOTE
r-oldrel-macos-arm64 2.0.0 37.00 NOTE
r-oldrel-macos-x86_64 2.0.0 62.00 NOTE
r-oldrel-windows-x86_64 2.0.0 9.00 75.00 84.00 NOTE

Check Details

Version: 2.0.0
Check: package dependencies
Result: NOTE
    Package suggested but not available for checking: ‘dsBaseClient’
Flavors: r-devel-linux-x86_64-debian-clang, r-devel-linux-x86_64-debian-gcc, r-devel-linux-x86_64-fedora-clang, r-devel-linux-x86_64-fedora-gcc, r-devel-windows-x86_64, r-patched-linux-x86_64, r-release-linux-x86_64, r-release-macos-arm64, r-release-macos-x86_64, r-release-windows-x86_64, r-oldrel-macos-arm64, r-oldrel-macos-x86_64, r-oldrel-windows-x86_64