Last updated on 2023-09-30 00:56:04 CEST.
Flavor | Version | Tinstall | Tcheck | Ttotal | Status | Flags |
---|---|---|---|---|---|---|
r-devel-linux-x86_64-debian-clang | 1.0.0 | 5.67 | 124.41 | 130.08 | OK | |
r-devel-linux-x86_64-debian-gcc | 1.0.0 | 4.55 | 90.82 | 95.37 | OK | |
r-devel-linux-x86_64-fedora-clang | 1.0.0 | 147.80 | NOTE | |||
r-devel-linux-x86_64-fedora-gcc | 1.0.0 | 173.41 | NOTE | |||
r-devel-windows-x86_64 | 1.0.0 | 6.00 | 116.00 | 122.00 | OK | |
r-patched-linux-x86_64 | 1.0.0 | 3.80 | 119.71 | 123.51 | OK | |
r-release-linux-x86_64 | 1.0.0 | 5.19 | 118.81 | 124.00 | OK | |
r-release-macos-arm64 | 1.0.0 | 48.00 | OK | |||
r-release-macos-x86_64 | 1.0.0 | 80.00 | OK | |||
r-release-windows-x86_64 | 1.0.0 | 8.00 | 144.00 | 152.00 | OK | |
r-oldrel-macos-arm64 | 1.0.0 | 35.00 | NOTE | |||
r-oldrel-macos-x86_64 | 1.0.0 | 50.00 | NOTE | |||
r-oldrel-windows-x86_64 | 1.0.0 | 8.00 | 140.00 | 148.00 | OK |
Version: 1.0.0
Check: dependencies in R code
Result: NOTE
Namespaces in Imports field not imported from:
‘ncdf4’ ‘rgdal’
All declared Imports should be used.
Flavors: r-devel-linux-x86_64-fedora-clang, r-devel-linux-x86_64-fedora-gcc, r-oldrel-macos-arm64, r-oldrel-macos-x86_64