CRAN Package Check Results for Package DatabionicSwarm

Last updated on 2021-10-18 00:48:10 CEST.

Flavor Version Tinstall Tcheck Ttotal Status Flags
r-devel-linux-x86_64-debian-clang 1.1.5 134.49 111.55 246.04 OK
r-devel-linux-x86_64-debian-gcc 1.1.5 100.62 82.04 182.66 OK
r-devel-linux-x86_64-fedora-clang 1.1.5 374.09 NOTE
r-devel-linux-x86_64-fedora-gcc 1.1.5 351.77 OK
r-devel-windows-x86_64 1.1.5 194.00 161.00 355.00 OK
r-devel-windows-x86_64-gcc10-UCRT 1.1.5 OK
r-patched-linux-x86_64 1.1.5 125.18 101.33 226.51 OK
r-patched-solaris-x86 1.1.5 281.90 OK
r-release-linux-x86_64 1.1.5 106.12 105.14 211.26 OK
r-release-macos-arm64 1.1.5 NOTE
r-release-macos-x86_64 1.1.5 NOTE
r-release-windows-ix86+x86_64 1.1.5 272.00 163.00 435.00 NOTE
r-oldrel-macos-x86_64 1.1.5 NOTE
r-oldrel-windows-ix86+x86_64 1.1.5 373.00 174.00 547.00 NOTE

Check Details

Version: 1.1.5
Check: installed package size
Result: NOTE
     installed size is 6.9Mb
     sub-directories of 1Mb or more:
     doc 3.0Mb
     libs 3.5Mb
Flavors: r-devel-linux-x86_64-fedora-clang, r-release-macos-arm64, r-release-macos-x86_64, r-release-windows-ix86+x86_64, r-oldrel-macos-x86_64, r-oldrel-windows-ix86+x86_64