CRAN Package Check Results for Package DatastreamR

Last updated on 2024-07-13 00:55:23 CEST.

Flavor Version Tinstall Tcheck Ttotal Status Flags
r-devel-linux-x86_64-debian-clang 2.0.4 17.74 37.06 54.80 OK
r-devel-linux-x86_64-debian-gcc 2.0.4 17.23 28.05 45.28 OK
r-devel-linux-x86_64-fedora-clang 2.0.4 74.15 NOTE
r-devel-linux-x86_64-fedora-gcc 2.0.4 69.30 NOTE
r-devel-windows-x86_64 2.0.4 17.00 52.00 69.00 OK
r-patched-linux-x86_64 2.0.4 22.18 35.64 57.82 OK
r-release-linux-x86_64 2.0.4 18.88 35.08 53.96 OK
r-release-macos-arm64 2.0.4 32.00 OK
r-release-macos-x86_64 2.0.4 41.00 OK
r-release-windows-x86_64 2.0.4 17.00 54.00 71.00 OK
r-oldrel-macos-arm64 2.0.4 32.00 OK
r-oldrel-macos-x86_64 2.0.4 53.00 OK
r-oldrel-windows-x86_64 2.0.4 21.00 56.00 77.00 OK

Check Details

Version: 2.0.4
Check: dependencies in R code
Result: NOTE Namespaces in Imports field not imported from: ‘jsonlite’ ‘methods’ All declared Imports should be used. Flavors: r-devel-linux-x86_64-fedora-clang, r-devel-linux-x86_64-fedora-gcc