CRAN Package Check Results for Package DeCAFS

Last updated on 2024-06-19 00:49:26 CEST.

Flavor Version Tinstall Tcheck Ttotal Status Flags
r-devel-linux-x86_64-debian-clang 3.3.3 30.53 57.55 88.08 NOTE
r-devel-linux-x86_64-debian-gcc 3.3.3 22.24 43.51 65.75 NOTE
r-devel-linux-x86_64-fedora-clang 3.3.3 124.83 NOTE
r-devel-linux-x86_64-fedora-gcc 3.3.3 117.33 NOTE
r-devel-windows-x86_64 3.3.3 29.00 83.00 112.00 NOTE
r-patched-linux-x86_64 3.3.3 26.98 56.70 83.68 NOTE
r-release-linux-x86_64 3.3.3 30.91 55.89 86.80 NOTE
r-release-macos-arm64 3.3.3 36.00 NOTE
r-release-macos-x86_64 3.3.3 48.00 NOTE
r-release-windows-x86_64 3.3.3 28.00 13.00 41.00 FAIL
r-oldrel-macos-arm64 3.3.3 39.00 NOTE
r-oldrel-macos-x86_64 3.3.3 59.00 NOTE
r-oldrel-windows-x86_64 3.3.3 36.00 99.00 135.00 NOTE

Check Details

Version: 3.3.3
Check: C++ specification
Result: NOTE Specified C++14: please drop specification unless essential Flavors: r-devel-linux-x86_64-debian-clang, r-devel-linux-x86_64-debian-gcc, r-devel-linux-x86_64-fedora-clang, r-devel-linux-x86_64-fedora-gcc, r-devel-windows-x86_64, r-patched-linux-x86_64, r-release-linux-x86_64, r-release-macos-arm64, r-release-macos-x86_64, r-release-windows-x86_64, r-oldrel-macos-arm64, r-oldrel-macos-x86_64, r-oldrel-windows-x86_64

Version: 3.3.3
Check: whether the namespace can be unloaded cleanly
Result: WARN
Flavor: r-release-windows-x86_64

Version: 3.3.3
Check: loading without being on the library search path
Result: FAIL
Flavor: r-release-windows-x86_64