Last updated on 2023-03-26 00:51:41 CET.
Flavor | Version | Tinstall | Tcheck | Ttotal | Status | Flags |
---|---|---|---|---|---|---|
r-devel-linux-x86_64-debian-clang | 0.1.2 | 6.72 | 74.36 | 81.08 | NOTE | |
r-devel-linux-x86_64-debian-gcc | 0.1.2 | 5.85 | 55.80 | 61.65 | NOTE | |
r-devel-linux-x86_64-fedora-gcc | 0.1.2 | 111.39 | NOTE | |||
r-devel-windows-x86_64 | 0.1.2 | 10.00 | 93.00 | 103.00 | NOTE | |
r-patched-linux-x86_64 | 0.1.2 | 6.94 | 73.26 | 80.20 | NOTE | |
r-release-linux-x86_64 | 0.1.2 | 6.41 | 72.43 | 78.84 | NOTE | |
r-release-macos-arm64 | 0.1.2 | 32.00 | NOTE | |||
r-release-macos-x86_64 | 0.1.2 | 45.00 | NOTE | |||
r-release-windows-x86_64 | 0.1.2 | 12.00 | 101.00 | 113.00 | NOTE | |
r-oldrel-macos-arm64 | 0.1.2 | 42.00 | NOTE | |||
r-oldrel-macos-x86_64 | 0.1.2 | 66.00 | NOTE | |||
r-oldrel-windows-ix86+x86_64 | 0.1.2 | 17.00 | 95.00 | 112.00 | NOTE |
Version: 0.1.2
Check: LazyData
Result: NOTE
'LazyData' is specified without a 'data' directory
Flavors: r-devel-linux-x86_64-debian-clang, r-devel-linux-x86_64-debian-gcc, r-devel-linux-x86_64-fedora-gcc, r-devel-windows-x86_64, r-patched-linux-x86_64, r-release-linux-x86_64, r-release-macos-arm64, r-release-macos-x86_64, r-release-windows-x86_64, r-oldrel-macos-arm64, r-oldrel-macos-x86_64, r-oldrel-windows-ix86+x86_64