CRAN Package Check Results for Package Deducer

Last updated on 2024-06-16 00:58:18 CEST.

Flavor Version Tinstall Tcheck Ttotal Status Flags
r-devel-linux-x86_64-debian-clang 0.7-9 26.32 186.56 212.88 OK
r-devel-linux-x86_64-debian-gcc 0.7-9 19.36 134.34 153.70 OK
r-devel-linux-x86_64-fedora-clang 0.7-9 242.49 OK
r-devel-linux-x86_64-fedora-gcc 0.7-9 226.48 OK
r-devel-windows-x86_64 0.7-9 19.00 150.00 169.00 OK
r-patched-linux-x86_64 0.7-9 28.44 177.65 206.09 OK
r-release-linux-x86_64 0.7-9 22.34 174.30 196.64 OK
r-release-macos-arm64 0.7-9 66.00 OK
r-release-macos-x86_64 0.7-9 95.00 OK
r-release-windows-x86_64 0.7-9 20.00 10.00 30.00 ERROR
r-oldrel-macos-arm64 0.7-9 71.00 OK
r-oldrel-macos-x86_64 0.7-9 118.00 OK
r-oldrel-windows-x86_64 0.7-9 26.00 183.00 209.00 OK

Check Details

Version: 0.7-9
Check: R files for syntax errors
Result: ERROR Error: memory exhausted Execution halted Flavor: r-release-windows-x86_64

Version: 0.7-9
Check: whether the package can be loaded
Result: ERROR Loading this package had a fatal error status code 1 Loading log: Loading required package: ggplot2 Loading required package: JGR Loading required package: rJava Loading required package: JavaGD Error: package or namespace load failed for 'JGR' in loadNamespace(package, lib.loc): there is no package called 'JGR' Error: package 'JGR' could not be loaded In addition: Warning message: In gzfile(file, "rb") : cannot open compressed file 'D:/RCompile/CRANpkg/lib/4.4/JGR/Meta/package.rds', probable reason 'Not enough space' Execution halted Flavor: r-release-windows-x86_64