Last updated on 2023-12-01 00:51:53 CET.
Flavor | Version | Tinstall | Tcheck | Ttotal | Status | Flags |
---|---|---|---|---|---|---|
r-devel-linux-x86_64-debian-clang | 0.99.51 | 97.20 | 424.27 | 521.47 | NOTE | |
r-devel-linux-x86_64-debian-gcc | 0.99.51 | 78.30 | 309.86 | 388.16 | NOTE | |
r-devel-linux-x86_64-fedora-clang | 0.99.51 | 765.75 | NOTE | |||
r-devel-linux-x86_64-fedora-gcc | 0.99.51 | 821.09 | NOTE | |||
r-devel-windows-x86_64 | 0.99.51 | 90.00 | 439.00 | 529.00 | NOTE | |
r-patched-linux-x86_64 | 0.99.51 | 106.35 | 402.04 | 508.39 | NOTE | |
r-release-linux-x86_64 | 0.99.51 | 89.89 | 400.30 | 490.19 | NOTE | |
r-release-macos-arm64 | 0.99.51 | 149.00 | NOTE | |||
r-release-macos-x86_64 | 0.99.51 | 517.00 | NOTE | |||
r-release-windows-x86_64 | 0.99.51 | 123.00 | 549.00 | 672.00 | NOTE | |
r-oldrel-macos-arm64 | 0.99.51 | 17.00 | ERROR | |||
r-oldrel-macos-x86_64 | 0.99.50 | 194.00 | NOTE | |||
r-oldrel-windows-x86_64 | 0.99.51 | 16.00 | 10.00 | 26.00 | ERROR |
Version: 0.99.51
Check: package dependencies
Result: NOTE
Package suggested but not available for checking: ‘RDCOMClient’
Flavors: r-devel-linux-x86_64-debian-clang, r-devel-linux-x86_64-debian-gcc, r-devel-linux-x86_64-fedora-clang, r-devel-linux-x86_64-fedora-gcc, r-devel-windows-x86_64, r-patched-linux-x86_64, r-release-linux-x86_64, r-release-macos-arm64, r-release-macos-x86_64, r-release-windows-x86_64, r-oldrel-macos-arm64, r-oldrel-windows-x86_64
Version: 0.99.51
Check: installed package size
Result: NOTE
installed size is 6.1Mb
sub-directories of 1Mb or more:
R 1.7Mb
doc 1.8Mb
help 1.6Mb
Flavors: r-devel-linux-x86_64-fedora-clang, r-devel-windows-x86_64, r-release-macos-arm64, r-release-macos-x86_64, r-release-windows-x86_64
Version: 0.99.51
Check: Rd cross-references
Result: NOTE
Undeclared packages ‘ineq’, ‘randtests’, ‘Hmisc’, ‘plotrix’, ‘caret’, ‘pcaPP’, ‘polycor’, ‘lmtest’, ‘car’, ‘gmp’, ‘vcdExtra’, ‘chron’, ‘coin’, ‘caTools’, ‘forecast’, ‘sfsmisc’, ‘vcd’, ‘areaplot’, ‘corrgram’, ‘UsingR’, ‘memisc’, ‘gtools’, ‘BSDA’, ‘prettyR’ in Rd xrefs
Flavor: r-devel-linux-x86_64-fedora-clang
Version: 0.99.51
Check: whether package can be installed
Result: ERROR
Installation failed.
Flavors: r-oldrel-macos-arm64, r-oldrel-windows-x86_64
Version: 0.99.50
Check: package dependencies
Result: NOTE
Package suggested but not available for checking: ‘RDCOMClient’
Flavor: r-oldrel-macos-x86_64
Version: 0.99.50
Check: installed package size
Result: NOTE
installed size is 8.8Mb
sub-directories of 1Mb or more:
R 1.7Mb
doc 1.8Mb
help 1.6Mb
libs 3.2Mb
Flavor: r-oldrel-macos-x86_64