CRAN Package Check Results for Package DiffusionRgqd

Last updated on 2021-10-22 00:50:23 CEST.

Flavor Version Tinstall Tcheck Ttotal Status Flags
r-devel-linux-x86_64-debian-clang 0.1.3 33.48 91.71 125.19 OK
r-devel-linux-x86_64-debian-gcc 0.1.3 31.77 68.79 100.56 OK
r-devel-linux-x86_64-fedora-clang 0.1.3 181.07 NOTE
r-devel-linux-x86_64-fedora-gcc 0.1.3 163.45 NOTE
r-devel-windows-x86_64 0.1.3 57.00 120.00 177.00 NOTE
r-devel-windows-x86_64-gcc10-UCRT 0.1.3 OK
r-patched-linux-x86_64 0.1.3 38.06 92.86 130.92 OK
r-patched-solaris-x86 0.1.3 185.10 NOTE
r-release-linux-x86_64 0.1.3 39.05 93.24 132.29 OK
r-release-macos-arm64 0.1.3 NOTE
r-release-macos-x86_64 0.1.3 NOTE
r-release-windows-ix86+x86_64 0.1.3 64.00 150.00 214.00 NOTE
r-oldrel-macos-x86_64 0.1.3 NOTE
r-oldrel-windows-ix86+x86_64 0.1.3 91.00 148.00 239.00 NOTE

Check Details

Version: 0.1.3
Check: installed package size
Result: NOTE
     installed size is 6.7Mb
     sub-directories of 1Mb or more:
     doc 5.2Mb
Flavors: r-devel-linux-x86_64-fedora-clang, r-devel-windows-x86_64, r-patched-solaris-x86, r-release-macos-arm64, r-release-macos-x86_64, r-release-windows-ix86+x86_64, r-oldrel-macos-x86_64, r-oldrel-windows-ix86+x86_64

Version: 0.1.3
Check: compiled code
Result: NOTE
    File ‘DiffusionRgqd/libs/DiffusionRgqd.so’:
     Found no calls to: ‘R_registerRoutines’, ‘R_useDynamicSymbols’
    
    It is good practice to register native routines and to disable symbol
    search.
    
    See ‘Writing portable packages’ in the ‘Writing R Extensions’ manual.
Flavors: r-devel-linux-x86_64-fedora-clang, r-devel-linux-x86_64-fedora-gcc