CRAN Package Check Results for Package Distance

Last updated on 2021-10-23 00:48:51 CEST.

Flavor Version Tinstall Tcheck Ttotal Status Flags
r-devel-linux-x86_64-debian-clang 1.0.4 14.37 188.61 202.98 OK
r-devel-linux-x86_64-debian-gcc 1.0.4 10.05 140.44 150.49 OK
r-devel-linux-x86_64-fedora-clang 1.0.4 243.15 NOTE
r-devel-linux-x86_64-fedora-gcc 1.0.4 229.38 OK
r-devel-windows-x86_64 1.0.4 20.00 227.00 247.00 OK
r-devel-windows-x86_64-gcc10-UCRT 1.0.4 OK
r-patched-linux-x86_64 1.0.4 15.91 177.02 192.93 OK
r-patched-solaris-x86 1.0.4 315.10 OK
r-release-linux-x86_64 1.0.4 11.79 177.08 188.87 OK
r-release-macos-arm64 1.0.4 OK
r-release-macos-x86_64 1.0.4 OK
r-release-windows-ix86+x86_64 1.0.4 19.00 218.00 237.00 OK
r-oldrel-macos-x86_64 1.0.4 OK
r-oldrel-windows-ix86+x86_64 1.0.4 29.00 236.00 265.00 OK

Check Details

Version: 1.0.4
Check: Rd cross-references
Result: NOTE
    Undeclared packages ‘optimx’, ‘readxl’ in Rd xrefs
Flavor: r-devel-linux-x86_64-fedora-clang