CRAN Package Check Results for Package DistributionOptimization

Last updated on 2021-10-25 00:49:09 CEST.

Flavor Version Tinstall Tcheck Ttotal Status Flags
r-devel-linux-x86_64-debian-clang 1.2.6 6.07 58.57 64.64 NOTE
r-devel-linux-x86_64-debian-gcc 1.2.6 5.26 44.46 49.72 NOTE
r-devel-linux-x86_64-fedora-clang 1.2.6 88.62 NOTE
r-devel-linux-x86_64-fedora-gcc 1.2.6 74.92 NOTE
r-devel-windows-x86_64 1.2.6 11.00 82.00 93.00 NOTE
r-devel-windows-x86_64-gcc10-UCRT 1.2.6 NOTE
r-patched-linux-x86_64 1.2.6 6.17 55.62 61.79 NOTE
r-patched-solaris-x86 1.2.6 113.40 NOTE
r-release-linux-x86_64 1.2.6 5.96 55.55 61.51 NOTE
r-release-macos-arm64 1.2.6 NOTE
r-release-macos-x86_64 1.2.6 NOTE
r-release-windows-ix86+x86_64 1.2.6 12.00 82.00 94.00 NOTE
r-oldrel-macos-x86_64 1.2.6 OK
r-oldrel-windows-ix86+x86_64 1.2.6 16.00 79.00 95.00 OK

Check Details

Version: 1.2.6
Check: LazyData
Result: NOTE
     'LazyData' is specified without a 'data' directory
Flavors: r-devel-linux-x86_64-debian-clang, r-devel-linux-x86_64-debian-gcc, r-devel-linux-x86_64-fedora-clang, r-devel-linux-x86_64-fedora-gcc, r-devel-windows-x86_64, r-devel-windows-x86_64-gcc10-UCRT, r-patched-linux-x86_64, r-patched-solaris-x86, r-release-linux-x86_64, r-release-macos-arm64, r-release-macos-x86_64, r-release-windows-ix86+x86_64