Last updated on 2023-12-10 00:55:42 CET.
Flavor | Version | Tinstall | Tcheck | Ttotal | Status | Flags |
---|---|---|---|---|---|---|
r-devel-linux-x86_64-debian-clang | 1.0-1 | 7.84 | 57.03 | 64.87 | NOTE | |
r-devel-linux-x86_64-debian-gcc | 1.0-1 | 5.64 | 42.89 | 48.53 | NOTE | |
r-devel-linux-x86_64-fedora-clang | 1.0-1 | 82.94 | NOTE | |||
r-devel-linux-x86_64-fedora-gcc | 1.0-1 | 77.02 | NOTE | |||
r-devel-windows-x86_64 | 1.0-1 | 7.00 | 62.00 | 69.00 | NOTE | |
r-patched-linux-x86_64 | 1.0-1 | 8.74 | 56.15 | 64.89 | NOTE | |
r-release-linux-x86_64 | 1.0-1 | 5.70 | 55.12 | 60.82 | NOTE | |
r-release-macos-arm64 | 1.0-1 | 27.00 | NOTE | |||
r-release-macos-x86_64 | 1.0-1 | 60.00 | NOTE | |||
r-release-windows-x86_64 | 1.0-1 | 10.00 | 69.00 | 79.00 | NOTE | |
r-oldrel-macos-arm64 | 1.0-1 | 24.00 | NOTE | |||
r-oldrel-macos-x86_64 | 1.0-1 | 41.00 | NOTE | |||
r-oldrel-windows-x86_64 | 1.0-1 | 9.00 | 77.00 | 86.00 | NOTE |
Version: 1.0-1
Check: package dependencies
Result: NOTE
Package which this enhances but not available for checking: ‘gurobi’
Flavors: r-devel-linux-x86_64-debian-clang, r-devel-linux-x86_64-debian-gcc, r-devel-linux-x86_64-fedora-clang, r-devel-linux-x86_64-fedora-gcc, r-devel-windows-x86_64, r-patched-linux-x86_64, r-release-linux-x86_64, r-release-macos-arm64, r-release-macos-x86_64, r-release-windows-x86_64, r-oldrel-macos-arm64, r-oldrel-macos-x86_64, r-oldrel-windows-x86_64