CRAN Package Check Results for Package DoE.MIParray

Last updated on 2021-10-22 00:50:23 CEST.

Flavor Version Tinstall Tcheck Ttotal Status Flags
r-devel-linux-x86_64-debian-clang 1.0 6.25 50.63 56.88 NOTE
r-devel-linux-x86_64-debian-gcc 1.0 6.03 39.46 45.49 NOTE
r-devel-linux-x86_64-fedora-clang 1.0 85.16 NOTE
r-devel-linux-x86_64-fedora-gcc 1.0 73.47 NOTE
r-devel-windows-x86_64 1.0 11.00 73.00 84.00 NOTE
r-devel-windows-x86_64-gcc10-UCRT 1.0 NOTE
r-patched-linux-x86_64 1.0 9.59 49.67 59.26 NOTE
r-patched-solaris-x86 1.0 95.80 NOTE
r-release-linux-x86_64 1.0 7.13 49.53 56.66 NOTE
r-release-macos-arm64 1.0 NOTE
r-release-macos-x86_64 1.0 NOTE
r-release-windows-ix86+x86_64 1.0 10.00 69.00 79.00 NOTE
r-oldrel-macos-x86_64 1.0 NOTE
r-oldrel-windows-ix86+x86_64 1.0 14.00 68.00 82.00 NOTE

Check Details

Version: 1.0
Check: package dependencies
Result: NOTE
    Package which this enhances but not available for checking: 'gurobi'
Flavors: r-devel-linux-x86_64-debian-clang, r-devel-linux-x86_64-debian-gcc, r-devel-linux-x86_64-fedora-clang, r-devel-linux-x86_64-fedora-gcc, r-devel-windows-x86_64, r-devel-windows-x86_64-gcc10-UCRT, r-patched-linux-x86_64, r-release-linux-x86_64, r-release-macos-arm64, r-release-macos-x86_64, r-release-windows-ix86+x86_64, r-oldrel-macos-x86_64, r-oldrel-windows-ix86+x86_64

Version: 1.0
Check: package dependencies
Result: NOTE
    Packages which this enhances but not available for checking:
     'gurobi', 'Rmosek'
Flavor: r-patched-solaris-x86