CRAN Package Check Results for Package Dykstra

Last updated on 2021-10-28 00:48:43 CEST.

Flavor Version Tinstall Tcheck Ttotal Status Flags
r-devel-linux-x86_64-debian-clang 1.0-0 2.04 19.77 21.81 OK
r-devel-linux-x86_64-debian-gcc 1.0-0 1.41 15.55 16.96 OK
r-devel-linux-x86_64-fedora-clang 1.0-0 38.01 NOTE
r-devel-linux-x86_64-fedora-gcc 1.0-0 26.85 OK
r-devel-windows-x86_64 1.0-0 3.00 33.00 36.00 OK
r-devel-windows-x86_64-gcc10-UCRT 1.0-0 OK
r-patched-linux-x86_64 1.0-0 1.84 19.12 20.96 OK
r-patched-solaris-x86 1.0-0 42.20 OK
r-release-linux-x86_64 1.0-0 1.76 19.13 20.89 OK
r-release-macos-arm64 1.0-0 OK
r-release-macos-x86_64 1.0-0 OK
r-release-windows-ix86+x86_64 1.0-0 5.00 31.00 36.00 OK
r-oldrel-macos-x86_64 1.0-0 OK
r-oldrel-windows-ix86+x86_64 1.0-0 4.00 33.00 37.00 OK

Check Details

Version: 1.0-0
Check: Rd cross-references
Result: NOTE
    Undeclared package ‘quadprog’ in Rd xrefs
Flavor: r-devel-linux-x86_64-fedora-clang