CRAN Package Check Results for Package EDOIF

Last updated on 2021-10-22 00:50:24 CEST.

Flavor Version Tinstall Tcheck Ttotal Status Flags
r-devel-linux-x86_64-debian-clang 0.1.3 7.14 102.82 109.96 OK
r-devel-linux-x86_64-debian-gcc 0.1.3 6.09 75.90 81.99 OK
r-devel-linux-x86_64-fedora-clang 0.1.3 138.80 OK
r-devel-linux-x86_64-fedora-gcc 0.1.3 126.71 OK
r-devel-windows-x86_64 0.1.3 14.00 126.00 140.00 OK
r-devel-windows-x86_64-gcc10-UCRT 0.1.3 ERROR
r-patched-linux-x86_64 0.1.3 7.06 94.35 101.41 OK
r-patched-solaris-x86 0.1.3 194.60 OK
r-release-linux-x86_64 0.1.3 7.51 94.85 102.36 OK
r-release-macos-arm64 0.1.3 OK
r-release-macos-x86_64 0.1.3 OK
r-release-windows-ix86+x86_64 0.1.3 20.00 126.00 146.00 OK
r-oldrel-macos-x86_64 0.1.3 OK
r-oldrel-windows-ix86+x86_64 0.1.3 19.00 128.00 147.00 OK

Check Details

Version: 0.1.3
Check: package dependencies
Result: ERROR
    Package required but not available: 'igraph'
    
    See section 'The DESCRIPTION file' in the 'Writing R Extensions'
    manual.
Flavor: r-devel-windows-x86_64-gcc10-UCRT