CRAN Package Check Results for Package ELMSO

Last updated on 2021-10-28 00:48:43 CEST.

Flavor Version Tinstall Tcheck Ttotal Status Flags
r-devel-linux-x86_64-debian-clang 1.0.1 2.25 21.19 23.44 NOTE
r-devel-linux-x86_64-debian-gcc 1.0.1 1.57 16.82 18.39 NOTE
r-devel-linux-x86_64-fedora-clang 1.0.1 39.22 NOTE
r-devel-linux-x86_64-fedora-gcc 1.0.1 29.15 NOTE
r-devel-windows-x86_64 1.0.1 4.00 37.00 41.00 NOTE
r-devel-windows-x86_64-gcc10-UCRT 1.0.1 NOTE
r-patched-linux-x86_64 1.0.1 2.08 20.98 23.06 NOTE
r-patched-solaris-x86 1.0.1 48.50 NOTE
r-release-linux-x86_64 1.0.1 1.89 20.74 22.63 NOTE
r-release-macos-arm64 1.0.1 NOTE
r-release-macos-x86_64 1.0.1 NOTE
r-release-windows-ix86+x86_64 1.0.1 6.00 33.00 39.00 NOTE
r-oldrel-macos-x86_64 1.0.1 OK
r-oldrel-windows-ix86+x86_64 1.0.1 5.00 33.00 38.00 OK

Check Details

Version: 1.0.1
Check: LazyData
Result: NOTE
     'LazyData' is specified without a 'data' directory
Flavors: r-devel-linux-x86_64-debian-clang, r-devel-linux-x86_64-debian-gcc, r-devel-linux-x86_64-fedora-clang, r-devel-linux-x86_64-fedora-gcc, r-devel-windows-x86_64, r-devel-windows-x86_64-gcc10-UCRT, r-patched-linux-x86_64, r-patched-solaris-x86, r-release-linux-x86_64, r-release-macos-arm64, r-release-macos-x86_64, r-release-windows-ix86+x86_64