CRAN Package Check Results for Package EMDSVRhybrid

Last updated on 2022-01-24 00:47:33 CET.

Flavor Version Tinstall Tcheck Ttotal Status Flags
r-devel-linux-x86_64-debian-clang 0.1.0 6.59 74.89 81.48 NOTE
r-devel-linux-x86_64-debian-gcc 0.1.0 5.97 62.58 68.55 NOTE
r-devel-linux-x86_64-fedora-clang 0.1.0 98.18 NOTE
r-devel-linux-x86_64-fedora-gcc 0.1.0 83.67 NOTE
r-devel-windows-x86_64-new-UL 0.1.0 20.00 88.00 108.00 NOTE
r-devel-windows-x86_64-new-TK 0.1.0 NOTE
r-patched-linux-x86_64 0.1.0 5.13 69.45 74.58 NOTE
r-release-linux-x86_64 0.1.0 5.10 68.26 73.36 NOTE
r-release-macos-arm64 0.1.0 NOTE
r-release-macos-x86_64 0.1.0 NOTE
r-release-windows-ix86+x86_64 0.1.0 18.00 87.00 105.00 NOTE
r-oldrel-macos-x86_64 0.1.0 OK
r-oldrel-windows-ix86+x86_64 0.1.0 19.00 86.00 105.00 OK

Check Details

Version: 0.1.0
Check: LazyData
Result: NOTE
     'LazyData' is specified without a 'data' directory
Flavors: r-devel-linux-x86_64-debian-clang, r-devel-linux-x86_64-debian-gcc, r-devel-linux-x86_64-fedora-clang, r-devel-linux-x86_64-fedora-gcc, r-devel-windows-x86_64-new-UL, r-devel-windows-x86_64-new-TK, r-patched-linux-x86_64, r-release-linux-x86_64, r-release-macos-arm64, r-release-macos-x86_64, r-release-windows-ix86+x86_64