Last updated on 2023-09-30 00:56:04 CEST.
Flavor | Version | Tinstall | Tcheck | Ttotal | Status | Flags |
---|---|---|---|---|---|---|
r-devel-linux-x86_64-debian-clang | 2.5 | 308.43 | 89.17 | 397.60 | OK | |
r-devel-linux-x86_64-debian-gcc | 2.5 | 213.38 | 70.11 | 283.49 | OK | |
r-devel-linux-x86_64-fedora-clang | 2.5 | 644.01 | OK | |||
r-devel-linux-x86_64-fedora-gcc | 2.5 | 611.23 | OK | |||
r-devel-windows-x86_64 | 2.5 | 227.00 | 112.00 | 339.00 | NOTE | |
r-patched-linux-x86_64 | 2.5 | 252.47 | 90.63 | 343.10 | OK | |
r-release-linux-x86_64 | 2.5 | 279.49 | 90.78 | 370.27 | OK | |
r-release-macos-arm64 | 2.5 | 130.00 | NOTE | |||
r-release-macos-x86_64 | 2.5 | 226.00 | NOTE | |||
r-release-windows-x86_64 | 2.5 | 302.00 | 130.00 | 432.00 | NOTE | |
r-oldrel-macos-arm64 | 2.5 | 118.00 | NOTE | |||
r-oldrel-macos-x86_64 | 2.5 | 172.00 | NOTE | |||
r-oldrel-windows-x86_64 | 2.5 | 292.00 | 124.00 | 416.00 | OK |
Version: 2.5
Check: C++ specification
Result: NOTE
Specified C++11: please drop specification unless essential
Flavors: r-devel-windows-x86_64, r-release-windows-x86_64
Version: 2.5
Check: installed package size
Result: NOTE
installed size is 10.8Mb
sub-directories of 1Mb or more:
libs 9.4Mb
shiny_app 1.1Mb
Flavors: r-release-macos-arm64, r-release-macos-x86_64, r-oldrel-macos-arm64, r-oldrel-macos-x86_64