CRAN Package Check Results for Package EcoDiet

Last updated on 2024-06-20 00:59:31 CEST.

Flavor Version Tinstall Tcheck Ttotal Status Flags
r-devel-linux-x86_64-debian-clang 2.0.1 8.85 217.62 226.47 OK
r-devel-linux-x86_64-debian-gcc 2.0.1 6.01 137.92 143.93 OK
r-devel-linux-x86_64-fedora-clang 2.0.1 285.25 OK
r-devel-linux-x86_64-fedora-gcc 2.0.1 249.80 OK
r-devel-windows-x86_64 2.0.1 7.00 174.00 181.00 OK
r-patched-linux-x86_64 2.0.1 5.59 183.78 189.37 OK
r-release-linux-x86_64 2.0.1 6.53 180.20 186.73 OK
r-release-macos-arm64 2.0.1 83.00 OK
r-release-macos-x86_64 2.0.1 131.00 OK
r-release-windows-x86_64 2.0.1 7.00 164.00 171.00 ERROR
r-oldrel-macos-arm64 2.0.1 79.00 OK
r-oldrel-macos-x86_64 2.0.1 201.00 OK
r-oldrel-windows-x86_64 2.0.1 9.00 198.00 207.00 OK

Check Details

Version: 2.0.1
Check: re-building of vignette outputs
Result: ERROR Error(s) in re-building vignettes: --- re-building 'convergence_problems.Rmd' using rmarkdown --- finished re-building 'convergence_problems.Rmd' --- re-building 'introduction_EcoDiet.Rmd' using rmarkdown pandoc.exe: osCommitMemory: VirtualAlloc MEM_COMMIT failed to commit 1048576 bytes of memory (error code: 1455): Die Auslagerungsdatei ist zu klein, um diesen Vorgang durchzuf<fc>hren. Error: processing vignette 'introduction_EcoDiet.Rmd' failed with diagnostics: pandoc document conversion failed with error 251 --- failed re-building 'introduction_EcoDiet.Rmd' --- re-building 'realistic_example.Rmd' using rmarkdown --- finished re-building 'realistic_example.Rmd' SUMMARY: processing the following file failed: 'introduction_EcoDiet.Rmd' Error: Vignette re-building failed. Execution halted Flavor: r-release-windows-x86_64