CRAN Package Check Results for Package EcoNetGen

Last updated on 2021-10-17 00:48:35 CEST.

Flavor Version Tinstall Tcheck Ttotal Status Flags
r-devel-linux-x86_64-debian-clang 0.2.3 5.61 53.54 59.15 NOTE
r-devel-linux-x86_64-debian-gcc 0.2.3 5.48 40.41 45.89 NOTE
r-devel-linux-x86_64-fedora-clang 0.2.3 86.00 NOTE
r-devel-linux-x86_64-fedora-gcc 0.2.3 68.92 NOTE
r-devel-windows-x86_64 0.2.3 11.00 56.00 67.00 NOTE
r-devel-windows-x86_64-gcc10-UCRT 0.2.3 NOTE
r-patched-linux-x86_64 0.2.3 6.26 49.68 55.94 NOTE
r-patched-solaris-x86 0.2.3 116.10 NOTE
r-release-linux-x86_64 0.2.3 6.32 49.31 55.63 NOTE
r-release-macos-arm64 0.2.3 NOTE
r-release-macos-x86_64 0.2.3 NOTE
r-release-windows-ix86+x86_64 0.2.3 18.00 99.00 117.00 NOTE
r-oldrel-macos-x86_64 0.2.3 OK
r-oldrel-windows-ix86+x86_64 0.2.3 22.00 101.00 123.00 OK

Check Details

Version: 0.2.3
Check: LazyData
Result: NOTE
     'LazyData' is specified without a 'data' directory
Flavors: r-devel-linux-x86_64-debian-clang, r-devel-linux-x86_64-debian-gcc, r-devel-linux-x86_64-fedora-clang, r-devel-linux-x86_64-fedora-gcc, r-devel-windows-x86_64, r-devel-windows-x86_64-gcc10-UCRT, r-patched-linux-x86_64, r-patched-solaris-x86, r-release-linux-x86_64, r-release-macos-arm64, r-release-macos-x86_64, r-release-windows-ix86+x86_64