CRAN Package Check Results for Package EffectsRelBaseline

Last updated on 2021-10-17 00:48:35 CEST.

Flavor Version Tinstall Tcheck Ttotal Status Flags
r-devel-linux-x86_64-debian-clang 0.5 2.04 21.10 23.14 NOTE
r-devel-linux-x86_64-debian-gcc 0.5 1.42 16.76 18.18 NOTE
r-devel-linux-x86_64-fedora-clang 0.5 40.79 NOTE
r-devel-linux-x86_64-fedora-gcc 0.5 29.16 NOTE
r-devel-windows-x86_64 0.5 7.00 32.00 39.00 NOTE
r-devel-windows-x86_64-gcc10-UCRT 0.5 NOTE
r-patched-linux-x86_64 0.5 1.78 20.71 22.49 NOTE
r-patched-solaris-x86 0.5 46.30 NOTE
r-release-linux-x86_64 0.5 1.84 20.75 22.59 NOTE
r-release-macos-arm64 0.5 NOTE
r-release-macos-x86_64 0.5 NOTE
r-release-windows-ix86+x86_64 0.5 3.00 44.00 47.00 NOTE
r-oldrel-macos-x86_64 0.5 NOTE
r-oldrel-windows-ix86+x86_64 0.5 5.00 44.00 49.00 NOTE

Check Details

Version: 0.5
Check: DESCRIPTION meta-information
Result: NOTE
    Malformed Title field: should not end in a period.
Flavors: r-devel-linux-x86_64-debian-clang, r-devel-linux-x86_64-debian-gcc, r-devel-linux-x86_64-fedora-clang, r-devel-linux-x86_64-fedora-gcc, r-devel-windows-x86_64, r-devel-windows-x86_64-gcc10-UCRT, r-patched-linux-x86_64, r-patched-solaris-x86, r-release-linux-x86_64, r-release-macos-arm64, r-release-macos-x86_64, r-release-windows-ix86+x86_64, r-oldrel-macos-x86_64, r-oldrel-windows-ix86+x86_64

Version: 0.5
Check: Rd cross-references
Result: NOTE
    Undeclared package ‘PsumtSim’ in Rd xrefs
Flavor: r-devel-linux-x86_64-fedora-clang