CRAN Package Check Results for Package EpiNow2

Last updated on 2021-10-23 00:48:52 CEST.

Flavor Version Tinstall Tcheck Ttotal Status Flags
r-devel-linux-x86_64-debian-clang 1.3.2 889.15 199.64 1088.79 NOTE
r-devel-linux-x86_64-debian-gcc 1.3.2 816.43 191.91 1008.34 NOTE
r-devel-linux-x86_64-fedora-clang 1.3.2 1754.88 NOTE
r-devel-linux-x86_64-fedora-gcc 1.3.2 1827.57 NOTE
r-devel-windows-x86_64 1.3.2 1083.00 306.00 1389.00 NOTE
r-devel-windows-x86_64-gcc10-UCRT 1.3.2 NOTE
r-patched-linux-x86_64 1.3.2 897.27 238.50 1135.77 NOTE
r-patched-solaris-x86 1.3.2 1363.50 NOTE
r-release-linux-x86_64 1.3.2 786.59 242.99 1029.58 NOTE
r-release-macos-arm64 1.3.2 NOTE
r-release-macos-x86_64 1.3.2 NOTE
r-release-windows-ix86+x86_64 1.3.2 1517.00 469.00 1986.00 NOTE
r-oldrel-macos-x86_64 1.3.2 NOTE
r-oldrel-windows-ix86+x86_64 1.3.2 211.00 9.00 220.00 ERROR

Check Details

Version: 1.3.2
Check: package dependencies
Result: NOTE
    Package suggested but not available for checking: 'EpiSoon'
Flavors: r-devel-linux-x86_64-debian-clang, r-devel-linux-x86_64-debian-gcc, r-devel-linux-x86_64-fedora-clang, r-devel-linux-x86_64-fedora-gcc, r-devel-windows-x86_64, r-devel-windows-x86_64-gcc10-UCRT, r-patched-linux-x86_64, r-patched-solaris-x86, r-release-linux-x86_64, r-release-macos-arm64, r-release-macos-x86_64, r-release-windows-ix86+x86_64, r-oldrel-macos-x86_64, r-oldrel-windows-ix86+x86_64

Version: 1.3.2
Check: installed package size
Result: NOTE
     installed size is 119.4Mb
     sub-directories of 1Mb or more:
     libs 117.6Mb
Flavors: r-devel-linux-x86_64-fedora-clang, r-devel-windows-x86_64, r-patched-solaris-x86, r-release-macos-arm64, r-release-macos-x86_64, r-release-windows-ix86+x86_64, r-oldrel-macos-x86_64

Version: 1.3.2
Check: whether package can be installed
Result: ERROR
    Installation failed.
Flavor: r-oldrel-windows-ix86+x86_64