CRAN Package Check Results for Package EventDetectGUI

Last updated on 2024-06-14 00:53:41 CEST.

Flavor Version Tinstall Tcheck Ttotal Status Flags
r-devel-linux-x86_64-debian-clang 0.3.0 12.13 105.31 117.44 OK
r-devel-linux-x86_64-debian-gcc 0.3.0 0.44 1.62 2.06 ERROR
r-devel-linux-x86_64-fedora-clang 0.3.0 155.71 OK
r-devel-linux-x86_64-fedora-gcc 0.3.0 138.67 OK
r-devel-windows-x86_64 0.3.0 13.00 92.00 105.00 OK
r-patched-linux-x86_64 0.3.0 8.90 100.52 109.42 OK
r-release-linux-x86_64 0.3.0 11.43 102.06 113.49 OK
r-release-macos-arm64 0.3.0 47.00 OK
r-release-macos-x86_64 0.3.0 67.00 OK
r-release-windows-x86_64 0.3.0 14.00 59.00 73.00 FAIL
r-oldrel-macos-arm64 0.3.0 44.00 OK
r-oldrel-macos-x86_64 0.3.0 69.00 OK
r-oldrel-windows-x86_64 0.3.0 18.00 112.00 130.00 OK

Check Details

Version: 0.3.0
Check: package dependencies
Result: ERROR Packages required but not available: 'EventDetectR', 'plotly', 'ggplot2' Packages suggested but not available for checking: 'roxygen2', 'shinytest', 'testthat', 'devtools' See section ‘The DESCRIPTION file’ in the ‘Writing R Extensions’ manual. Flavor: r-devel-linux-x86_64-debian-gcc

Version: 0.3.0
Check: whether the package can be unloaded cleanly
Result: WARN Error: package or namespace load failed for 'EventDetectGUI' in inDL(x, as.logical(local), as.logical(now), ...): unable to load shared object 'D:/RCompile/CRANpkg/lib/4.4/httpuv/libs/x64/httpuv.dll': LoadLibrary failure: Die Auslagerungsdatei ist zu klein, um diesen Vorgang durchzuführen. Execution halted Flavor: r-release-windows-x86_64

Version: 0.3.0
Check: whether the namespace can be loaded with stated dependencies
Result: WARN Error: cannot allocate vector of size 2.2 Mb Execution halted A namespace must be able to be loaded with just the base namespace loaded: otherwise if the namespace gets loaded by a saved object, the session will be unable to start. Probably some imports need to be declared in the NAMESPACE file. Flavor: r-release-windows-x86_64

Version: 0.3.0
Check: whether the namespace can be unloaded cleanly
Result: WARN Fatal error: couldn't allocate node stack Flavor: r-release-windows-x86_64

Version: 0.3.0
Check: use of S3 registration
Result: FAIL
Flavor: r-release-windows-x86_64