Last updated on 2023-06-05 00:55:22 CEST.
Flavor | Version | Tinstall | Tcheck | Ttotal | Status | Flags |
---|---|---|---|---|---|---|
r-devel-linux-x86_64-debian-clang | 0.39.2 | 14.88 | 82.21 | 97.09 | OK | |
r-devel-linux-x86_64-debian-gcc | 0.39.2 | 12.50 | 61.53 | 74.03 | OK | |
r-devel-linux-x86_64-fedora-clang | 0.39.2 | 123.70 | NOTE | |||
r-devel-linux-x86_64-fedora-gcc | 0.39.2 | 120.71 | NOTE | |||
r-devel-windows-x86_64 | 0.39.2 | 15.00 | 85.00 | 100.00 | NOTE | |
r-patched-linux-x86_64 | 0.39.2 | 15.59 | 77.77 | 93.36 | OK | |
r-release-linux-x86_64 | 0.39.2 | 11.00 | 76.76 | 87.76 | OK | |
r-release-macos-arm64 | 0.39.2 | 49.00 | NOTE | |||
r-release-macos-x86_64 | 0.39.2 | 68.00 | NOTE | |||
r-release-windows-x86_64 | 0.39.2 | 21.00 | 100.00 | 121.00 | NOTE | |
r-oldrel-macos-arm64 | 0.39.2 | 46.00 | NOTE | |||
r-oldrel-macos-x86_64 | 0.39.2 | 56.00 | NOTE | |||
r-oldrel-windows-x86_64 | 0.39.2 | 19.00 | 98.00 | 117.00 | NOTE |
Version: 0.39.2
Check: installed package size
Result: NOTE
installed size is 7.0Mb
sub-directories of 1Mb or more:
doc 6.0Mb
Flavors: r-devel-linux-x86_64-fedora-clang, r-devel-windows-x86_64, r-release-macos-arm64, r-release-macos-x86_64, r-release-windows-x86_64, r-oldrel-macos-arm64, r-oldrel-macos-x86_64, r-oldrel-windows-x86_64
Version: 0.39.2
Check: dependencies in R code
Result: NOTE
Namespaces in Imports field not imported from:
‘RColorBrewer’ ‘curl’ ‘scales’ ‘stringr’
All declared Imports should be used.
Flavors: r-devel-linux-x86_64-fedora-clang, r-devel-linux-x86_64-fedora-gcc
Version: 0.39.2
Check: Rd cross-references
Result: NOTE
Undeclared package ‘R6’ in Rd xrefs
Flavor: r-devel-linux-x86_64-fedora-clang