CRAN Package Check Results for Package ExactCIdiff

Last updated on 2021-12-08 00:49:18 CET.

Flavor Version Tinstall Tcheck Ttotal Status Flags
r-devel-linux-x86_64-debian-clang 1.3 3.16 34.68 37.84 NOTE
r-devel-linux-x86_64-debian-gcc 1.3 2.70 26.70 29.40 NOTE
r-devel-linux-x86_64-fedora-clang 1.3 47.22 NOTE
r-devel-linux-x86_64-fedora-gcc 1.3 36.03 NOTE
r-devel-windows-x86_64-new-UL 1.3 7.00 54.00 61.00 NOTE
r-devel-windows-x86_64-new-TK 1.3 NOTE
r-devel-windows-x86_64-old 1.3 6.00 39.00 45.00 NOTE
r-patched-linux-x86_64 1.3 3.37 32.55 35.92 NOTE
r-release-linux-x86_64 1.3 3.13 32.90 36.03 NOTE
r-release-macos-arm64 1.3 NOTE
r-release-macos-x86_64 1.3 NOTE
r-release-windows-ix86+x86_64 1.3 7.00 37.00 44.00 NOTE
r-oldrel-macos-x86_64 1.3 NOTE
r-oldrel-windows-ix86+x86_64 1.3 5.00 36.00 41.00 NOTE

Check Details

Version: 1.3
Check: R code for possible problems
Result: NOTE
    BinomialCIone: no visible global function definition for 'na.omit'
    PairedCIone: no visible global function definition for 'na.omit'
    Undefined global functions or variables:
     na.omit
    Consider adding
     importFrom("stats", "na.omit")
    to your NAMESPACE file.
Flavors: r-devel-linux-x86_64-debian-clang, r-devel-linux-x86_64-debian-gcc, r-devel-linux-x86_64-fedora-clang, r-devel-linux-x86_64-fedora-gcc, r-devel-windows-x86_64-new-UL, r-devel-windows-x86_64-new-TK, r-devel-windows-x86_64-old, r-patched-linux-x86_64, r-release-linux-x86_64, r-release-macos-arm64, r-release-macos-x86_64, r-release-windows-ix86+x86_64, r-oldrel-macos-x86_64, r-oldrel-windows-ix86+x86_64