CRAN Package Check Results for Package ExtremeRisks

Last updated on 2023-09-23 00:53:52 CEST.

Flavor Version Tinstall Tcheck Ttotal Status Flags
r-devel-linux-x86_64-debian-clang 0.0.4 12.18 115.12 127.30 NOTE
r-devel-linux-x86_64-debian-gcc 0.0.4 11.19 86.11 97.30 NOTE
r-devel-linux-x86_64-fedora-clang 0.0.4 166.68 NOTE
r-devel-linux-x86_64-fedora-gcc 0.0.4 161.11 NOTE
r-devel-windows-x86_64 0.0.4 14.00 99.00 113.00 NOTE
r-patched-linux-x86_64 0.0.4 17.73 112.87 130.60 NOTE
r-release-linux-x86_64 0.0.4 15.49 113.87 129.36 NOTE
r-release-macos-arm64 0.0.4 48.00 NOTE
r-release-macos-x86_64 0.0.4 82.00 NOTE
r-release-windows-x86_64 0.0.4 15.00 121.00 136.00 NOTE
r-oldrel-macos-arm64 0.0.4 64.00 OK
r-oldrel-macos-x86_64 0.0.4 84.00 OK
r-oldrel-windows-x86_64 0.0.4 15.00 124.00 139.00 OK

Check Details

Version: 0.0.4
Check: Rd files
Result: NOTE
    checkRd: (-1) sp500.Rd:5: Escaped LaTeX specials: \&
Flavors: r-devel-linux-x86_64-debian-clang, r-devel-linux-x86_64-debian-gcc, r-devel-linux-x86_64-fedora-clang, r-devel-linux-x86_64-fedora-gcc, r-devel-windows-x86_64, r-patched-linux-x86_64, r-release-linux-x86_64, r-release-macos-arm64, r-release-macos-x86_64, r-release-windows-x86_64