CRAN Package Check Results for Package FAMoS

Last updated on 2024-06-17 00:49:58 CEST.

Flavor Version Tinstall Tcheck Ttotal Status Flags
r-devel-linux-x86_64-debian-clang 0.3.0 3.21 45.40 48.61 OK
r-devel-linux-x86_64-debian-gcc 0.3.0 3.39 34.41 37.80 OK
r-devel-linux-x86_64-fedora-clang 0.3.0 63.84 OK
r-devel-linux-x86_64-fedora-gcc 0.3.0 73.38 OK
r-devel-windows-x86_64 0.3.0 5.00 54.00 59.00 OK
r-patched-linux-x86_64 0.3.0 5.80 44.91 50.71 OK
r-release-linux-x86_64 0.3.0 4.17 44.09 48.26 OK
r-release-macos-arm64 0.3.0 30.00 OK
r-release-macos-x86_64 0.3.0 43.00 OK
r-release-windows-x86_64 0.3.0 4.00 9.00 13.00 FAIL
r-oldrel-macos-arm64 0.3.0 30.00 OK
r-oldrel-macos-x86_64 0.3.0 40.00 OK
r-oldrel-windows-x86_64 0.3.0 6.00 59.00 65.00 OK

Check Details

Version: 0.3.0
Check: package dependencies
Result: FAIL
Flavor: r-release-windows-x86_64