CRAN Package Check Results for Package FAOSTAT

Last updated on 2024-02-29 00:55:39 CET.

Flavor Version Tinstall Tcheck Ttotal Status Flags
r-devel-linux-x86_64-debian-clang 2.3.0 5.39 54.84 60.23 NOTE
r-devel-linux-x86_64-debian-gcc 2.3.0 4.11 41.56 45.67 NOTE
r-devel-linux-x86_64-fedora-clang 2.3.0 78.11 NOTE
r-devel-linux-x86_64-fedora-gcc 2.3.0 90.05 NOTE
r-devel-windows-x86_64 2.3.0 6.00 79.00 85.00 NOTE
r-patched-linux-x86_64 2.3.0 5.41 53.04 58.45 OK
r-release-linux-x86_64 2.3.0 4.90 53.59 58.49 OK
r-release-macos-arm64 2.3.0 34.00 OK
r-release-macos-x86_64 2.3.0 49.00 OK
r-release-windows-x86_64 2.3.0 8.00 84.00 92.00 OK
r-oldrel-macos-arm64 2.3.0 29.00 OK
r-oldrel-windows-x86_64 2.3.0 8.00 80.00 88.00 OK

Check Details

Version: 2.3.0
Check: Rd files
Result: NOTE checkRd: (-1) download_faostat_bulk.Rd:49: Lost braces in \itemize; meant \describe ? checkRd: (-1) download_faostat_bulk.Rd:50: Lost braces in \itemize; meant \describe ? checkRd: (-1) download_faostat_bulk.Rd:51-55: Lost braces in \itemize; meant \describe ? Flavors: r-devel-linux-x86_64-debian-clang, r-devel-linux-x86_64-debian-gcc, r-devel-linux-x86_64-fedora-clang, r-devel-linux-x86_64-fedora-gcc

Version: 2.3.0
Check: Rd \usage sections
Result: NOTE Documented arguments not in \usage in Rd file 'cache.Rd': ‘data’ ‘reset’ Functions with \usage entries need to have the appropriate \alias entries, and all their arguments documented. The \usage entries must correspond to syntactically valid R code. See chapter ‘Writing R documentation files’ in the ‘Writing R Extensions’ manual. Flavors: r-devel-linux-x86_64-debian-clang, r-devel-linux-x86_64-debian-gcc, r-devel-linux-x86_64-fedora-clang, r-devel-linux-x86_64-fedora-gcc, r-devel-windows-x86_64

Version: 2.3.0
Check: data for non-ASCII characters
Result: NOTE Note: found 179 marked UTF-8 strings Flavors: r-devel-linux-x86_64-fedora-clang, r-devel-linux-x86_64-fedora-gcc