CRAN Package Check Results for Package FOCI

Last updated on 2021-10-25 00:49:11 CEST.

Flavor Version Tinstall Tcheck Ttotal Status Flags
r-devel-linux-x86_64-debian-clang 0.1.3 3.06 62.36 65.42 NOTE
r-devel-linux-x86_64-debian-gcc 0.1.3 2.42 46.04 48.46 NOTE
r-devel-linux-x86_64-fedora-clang 0.1.3 85.10 NOTE
r-devel-linux-x86_64-fedora-gcc 0.1.3 74.12 NOTE
r-devel-windows-x86_64 0.1.3 5.00 87.00 92.00 NOTE
r-devel-windows-x86_64-gcc10-UCRT 0.1.3 NOTE
r-patched-linux-x86_64 0.1.3 2.53 58.98 61.51 NOTE
r-patched-solaris-x86 0.1.3 111.50 NOTE
r-release-linux-x86_64 0.1.3 2.70 58.26 60.96 NOTE
r-release-macos-arm64 0.1.3 NOTE
r-release-macos-x86_64 0.1.3 NOTE
r-release-windows-ix86+x86_64 0.1.3 5.00 80.00 85.00 NOTE
r-oldrel-macos-x86_64 0.1.3 OK
r-oldrel-windows-ix86+x86_64 0.1.3 7.00 85.00 92.00 OK

Check Details

Version: 0.1.3
Check: LazyData
Result: NOTE
     'LazyData' is specified without a 'data' directory
Flavors: r-devel-linux-x86_64-debian-clang, r-devel-linux-x86_64-debian-gcc, r-devel-linux-x86_64-fedora-clang, r-devel-linux-x86_64-fedora-gcc, r-devel-windows-x86_64, r-devel-windows-x86_64-gcc10-UCRT, r-patched-linux-x86_64, r-patched-solaris-x86, r-release-linux-x86_64, r-release-macos-arm64, r-release-macos-x86_64, r-release-windows-ix86+x86_64

Version: 0.1.3
Check: Rd cross-references
Result: NOTE
    Undeclared package ‘XICOR’ in Rd xrefs
Flavor: r-devel-linux-x86_64-fedora-clang