CRAN Package Check Results for Package FORTLS

Last updated on 2023-05-29 00:59:33 CEST.

Flavor Version Tinstall Tcheck Ttotal Status Flags
r-devel-linux-x86_64-debian-clang 1.2.0 69.27 500.06 569.33 OK
r-devel-linux-x86_64-debian-gcc 1.2.0 48.44 364.46 412.90 OK
r-devel-linux-x86_64-fedora-clang 1.2.0 785.38 NOTE
r-devel-linux-x86_64-fedora-gcc 1.2.0 686.31 OK
r-devel-windows-x86_64 1.2.0 50.00 398.00 448.00 NOTE
r-patched-linux-x86_64 1.2.0 49.79 464.21 514.00 OK
r-release-linux-x86_64 1.2.0 40.76 331.26 372.02 ERROR
r-release-macos-arm64 1.2.0 187.00 NOTE
r-release-macos-x86_64 1.2.0 341.00 NOTE
r-release-windows-x86_64 1.2.0 65.00 511.00 576.00 NOTE
r-oldrel-macos-arm64 1.2.0 176.00 NOTE
r-oldrel-macos-x86_64 1.2.0 241.00 NOTE
r-oldrel-windows-x86_64 1.2.0 61.00 478.00 539.00 NOTE

Check Details

Version: 1.2.0
Check: installed package size
Result: NOTE
     installed size is 5.3Mb
     sub-directories of 1Mb or more:
     data 2.7Mb
     doc 1.6Mb
Flavors: r-devel-linux-x86_64-fedora-clang, r-devel-windows-x86_64, r-release-macos-arm64, r-release-macos-x86_64, r-release-windows-x86_64, r-oldrel-macos-arm64, r-oldrel-macos-x86_64, r-oldrel-windows-x86_64

Version: 1.2.0
Check: re-building of vignette outputs
Result: ERROR
    Error(s) in re-building vignettes:
     ...
    --- re-building ‘plot_design_optimization.Rmd’ using rmarkdown
    Warning in in_dir(input_dir(), expr) :
     You changed the working directory to /home/hornik/tmp/R.check/r-release-gcc/Work/build/Packages/FORTLS/data (probably via setwd()). It will be restored to /home/hornik/tmp/R.check/r-release-gcc/Work/PKGS/FORTLS.Rcheck/vign_test/FORTLS/vignettes. See the Note section in ?knitr::knit
    --- finished re-building ‘plot_design_optimization.Rmd’
    
    --- re-building ‘stand_level.Rmd’ using rmarkdown
    Warning in in_dir(input_dir(), expr) :
     You changed the working directory to /home/hornik/tmp/R.check/r-release-gcc/Work/build/Packages/FORTLS/data (probably via setwd()). It will be restored to /home/hornik/tmp/R.check/r-release-gcc/Work/PKGS/FORTLS.Rcheck/vign_test/FORTLS/vignettes. See the Note section in ?knitr::knit
    --- finished re-building ‘stand_level.Rmd’
    
    --- re-building ‘tree_level.Rmd’ using rmarkdown
    trying URL ‘https://www.dropbox.com/s/17yl25pbrapat52/Galicia_single_scan_red.laz?dl=1’
    Content type 'application/binary' length 15659081 bytes (14.9 MB)
    ==================================================
    downloaded 14.9 MB
    
    trying URL ‘https://www.dropbox.com/s/i905wj0lavklczb/Galicia_multi_scan_red.laz?dl=1’
    Quitting from lines 22-36 (tree_level.Rmd)
    Error: processing vignette ‘tree_level.Rmd’ failed with diagnostics:
    cannot open URL ‘https://www.dropbox.com/s/i905wj0lavklczb/Galicia_multi_scan_red.laz?dl=1’
    --- failed re-building ‘tree_level.Rmd’
    
    SUMMARY: processing the following file failed:
     ‘tree_level.Rmd’
    
    Error: Vignette re-building failed.
    Execution halted
Flavor: r-release-linux-x86_64