Last updated on 2023-12-02 00:51:56 CET.
Flavor | Version | Tinstall | Tcheck | Ttotal | Status | Flags |
---|---|---|---|---|---|---|
r-devel-linux-x86_64-debian-clang | 0.4-1 | 11.24 | 88.01 | 99.25 | NOTE | |
r-devel-linux-x86_64-debian-gcc | 0.4-1 | 10.67 | 67.97 | 78.64 | NOTE | |
r-devel-linux-x86_64-fedora-clang | 0.4-1 | 128.49 | NOTE | |||
r-devel-linux-x86_64-fedora-gcc | 0.4-1 | 123.98 | NOTE | |||
r-devel-windows-x86_64 | 0.4-1 | 13.00 | 91.00 | 104.00 | NOTE | |
r-patched-linux-x86_64 | 0.4-1 | 16.74 | 87.63 | 104.37 | NOTE | |
r-release-linux-x86_64 | 0.4-1 | 13.26 | 87.15 | 100.41 | NOTE | |
r-release-macos-arm64 | 0.4-1 | 38.00 | NOTE | |||
r-release-macos-x86_64 | 0.4-1 | 66.00 | NOTE | |||
r-release-windows-x86_64 | 0.4-1 | 18.00 | 106.00 | 124.00 | NOTE | |
r-oldrel-macos-arm64 | 0.4-1 | 36.00 | OK | |||
r-oldrel-macos-x86_64 | 0.4-1 | 48.00 | OK | |||
r-oldrel-windows-x86_64 | 0.4-1 | 19.00 | 105.00 | 124.00 | OK |
Version: 0.4-1
Check: Rd files
Result: NOTE
checkRd: (-1) MultiAsset.Rd:26: Escaped LaTeX specials: \&
Flavors: r-devel-linux-x86_64-debian-clang, r-devel-linux-x86_64-debian-gcc, r-devel-linux-x86_64-fedora-clang, r-devel-linux-x86_64-fedora-gcc, r-devel-windows-x86_64, r-patched-linux-x86_64, r-release-linux-x86_64, r-release-macos-arm64, r-release-macos-x86_64, r-release-windows-x86_64