Last updated on 2023-05-29 00:59:33 CEST.
Flavor | Version | Tinstall | Tcheck | Ttotal | Status | Flags |
---|---|---|---|---|---|---|
r-devel-linux-x86_64-debian-clang | 0.1.0 | 31.88 | 343.60 | 375.48 | OK | |
r-devel-linux-x86_64-debian-gcc | 0.1.0 | 28.02 | 263.04 | 291.06 | OK | |
r-devel-linux-x86_64-fedora-clang | 0.1.0 | 475.53 | NOTE | |||
r-devel-linux-x86_64-fedora-gcc | 0.1.0 | 470.58 | NOTE | |||
r-devel-windows-x86_64 | 0.1.0 | 30.00 | 242.00 | 272.00 | OK | |
r-patched-linux-x86_64 | 0.1.0 | 29.82 | 314.66 | 344.48 | OK | |
r-release-linux-x86_64 | 0.1.0 | 30.66 | 323.20 | 353.86 | OK | |
r-release-macos-arm64 | 0.1.0 | 135.00 | OK | |||
r-release-macos-x86_64 | 0.1.0 | 224.00 | OK | |||
r-release-windows-x86_64 | 0.1.0 | 39.00 | 318.00 | 357.00 | OK | |
r-oldrel-macos-arm64 | 0.1.0 | 117.00 | NOTE | |||
r-oldrel-macos-x86_64 | 0.1.0 | 194.00 | NOTE | |||
r-oldrel-windows-x86_64 | 0.1.0 | 38.00 | 294.00 | 332.00 | OK |
Version: 0.1.0
Check: dependencies in R code
Result: NOTE
Namespace in Imports field not imported from: ‘MASS’
All declared Imports should be used.
Flavors: r-devel-linux-x86_64-fedora-clang, r-devel-linux-x86_64-fedora-gcc, r-oldrel-macos-arm64, r-oldrel-macos-x86_64