CRAN Package Check Results for Package FactorCopula

Last updated on 2025-06-24 11:51:06 CEST.

Flavor Version Tinstall Tcheck Ttotal Status Flags
r-devel-linux-x86_64-debian-clang 0.9.3 23.38 106.66 130.04 NOTE
r-devel-linux-x86_64-debian-gcc 0.9.3 15.10 65.64 80.74 NOTE
r-devel-linux-x86_64-fedora-clang 0.9.3 216.39 OK
r-devel-linux-x86_64-fedora-gcc 0.9.3 196.72 OK
r-devel-windows-x86_64 0.9.3 27.00 106.00 133.00 OK
r-patched-linux-x86_64 0.9.3 22.24 98.78 121.02 OK
r-release-linux-x86_64 0.9.3 21.65 98.90 120.55 OK
r-release-macos-arm64 0.9.3 59.00 OK
r-release-macos-x86_64 0.9.3 134.00 OK
r-release-windows-x86_64 0.9.3 26.00 106.00 132.00 OK
r-oldrel-macos-arm64 0.9.3 49.00 OK
r-oldrel-macos-x86_64 0.9.3 77.00 OK
r-oldrel-windows-x86_64 0.9.3 37.00 139.00 176.00 OK

Check Details

Version: 0.9.3
Check: CRAN incoming feasibility
Result: NOTE Maintainer: ‘Aristidis K. Nikoloulopoulos <a.nikoloulopoulos@uea.ac.uk>’ The Description field contains (2022) <arXiv:2201.00339>. Please refer to arXiv e-prints via their arXiv DOI <doi:10.48550/arXiv.YYMM.NNNNN>. Flavors: r-devel-linux-x86_64-debian-clang, r-devel-linux-x86_64-debian-gcc