Last updated on 2023-09-23 00:53:52 CEST.
Flavor | Version | Tinstall | Tcheck | Ttotal | Status | Flags |
---|---|---|---|---|---|---|
r-devel-linux-x86_64-debian-clang | 2.2.1 | 6.58 | 46.68 | 53.26 | OK | |
r-devel-linux-x86_64-debian-gcc | 2.2.1 | 3.82 | 34.66 | 38.48 | OK | |
r-devel-linux-x86_64-fedora-clang | 2.2.1 | 66.09 | NOTE | |||
r-devel-linux-x86_64-fedora-gcc | 2.2.1 | 61.35 | NOTE | |||
r-devel-windows-x86_64 | 2.2.1 | 7.00 | 52.00 | 59.00 | OK | |
r-patched-linux-x86_64 | 2.2.1 | 6.24 | 43.51 | 49.75 | OK | |
r-release-linux-x86_64 | 2.2.1 | 4.25 | 43.27 | 47.52 | OK | |
r-release-macos-arm64 | 2.2.1 | 24.00 | OK | |||
r-release-macos-x86_64 | 2.2.1 | 37.00 | OK | |||
r-release-windows-x86_64 | 2.2.1 | 8.00 | 59.00 | 67.00 | OK | |
r-oldrel-macos-arm64 | 2.2.1 | 24.00 | NOTE | |||
r-oldrel-macos-x86_64 | 2.2.1 | 44.00 | NOTE | |||
r-oldrel-windows-x86_64 | 2.2.1 | 8.00 | 62.00 | 70.00 | OK |
Version: 2.2.1
Check: dependencies in R code
Result: NOTE
Namespaces in Imports field not imported from:
‘base’ ‘data.table’
All declared Imports should be used.
Flavors: r-devel-linux-x86_64-fedora-clang, r-devel-linux-x86_64-fedora-gcc, r-oldrel-macos-arm64, r-oldrel-macos-x86_64