CRAN Package Check Results for Package FairMclus

Last updated on 2024-07-20 00:56:46 CEST.

Flavor Version Tinstall Tcheck Ttotal Status Flags
r-devel-linux-x86_64-debian-clang 2.2.1 4.55 45.44 49.99 OK
r-devel-linux-x86_64-debian-gcc 2.2.1 4.37 35.19 39.56 OK
r-devel-linux-x86_64-fedora-clang 2.2.1 64.55 NOTE
r-devel-linux-x86_64-fedora-gcc 2.2.1 61.21 NOTE
r-devel-windows-x86_64 2.2.1 7.00 53.00 60.00 OK
r-patched-linux-x86_64 2.2.1 5.34 43.91 49.25 OK
r-release-linux-x86_64 2.2.1 3.96 43.98 47.94 OK
r-release-macos-arm64 2.2.1 22.00 OK
r-release-macos-x86_64 2.2.1 33.00 OK
r-release-windows-x86_64 2.2.1 7.00 53.00 60.00 OK
r-oldrel-macos-arm64 2.2.1 24.00 OK
r-oldrel-macos-x86_64 2.2.1 37.00 OK
r-oldrel-windows-x86_64 2.2.1 8.00 58.00 66.00 OK

Check Details

Version: 2.2.1
Check: dependencies in R code
Result: NOTE Namespaces in Imports field not imported from: ‘base’ ‘data.table’ All declared Imports should be used. Flavors: r-devel-linux-x86_64-fedora-clang, r-devel-linux-x86_64-fedora-gcc