CRAN Package Check Results for Package FeatureHashing

Last updated on 2021-10-23 00:48:53 CEST.

Flavor Version Tinstall Tcheck Ttotal Status Flags
r-devel-linux-x86_64-debian-clang 0.9.1.4 72.81 115.68 188.49 OK
r-devel-linux-x86_64-debian-gcc 0.9.1.4 55.46 90.04 145.50 OK
r-devel-linux-x86_64-fedora-clang 0.9.1.4 275.48 OK
r-devel-linux-x86_64-fedora-gcc 0.9.1.4 246.57 OK
r-devel-windows-x86_64 0.9.1.4 100.00 168.00 268.00 OK
r-devel-windows-x86_64-gcc10-UCRT 0.9.1.4 OK
r-patched-linux-x86_64 0.9.1.4 64.80 113.09 177.89 OK
r-patched-solaris-x86 0.9.1.4 290.10 OK
r-release-linux-x86_64 0.9.1.4 69.52 114.19 183.71 OK
r-release-macos-arm64 0.9.1.4 NOTE
r-release-macos-x86_64 0.9.1.4 OK
r-release-windows-ix86+x86_64 0.9.1.4 145.00 229.00 374.00 OK
r-oldrel-macos-x86_64 0.9.1.4 OK
r-oldrel-windows-ix86+x86_64 0.9.1.4 203.00 223.00 426.00 OK

Check Details

Version: 0.9.1.4
Check: installed package size
Result: NOTE
     installed size is 5.7Mb
     sub-directories of 1Mb or more:
     libs 5.0Mb
Flavor: r-release-macos-arm64