CRAN Package Check Results for Package FedData

Last updated on 2023-03-22 00:52:20 CET.

Flavor Version Tinstall Tcheck Ttotal Status Flags
r-devel-linux-x86_64-debian-clang 3.0.3 10.09 112.35 122.44 OK
r-devel-linux-x86_64-debian-gcc 3.0.3 10.19 82.26 92.45 OK
r-devel-linux-x86_64-fedora-clang 3.0.3 159.51 OK
r-devel-linux-x86_64-fedora-gcc 3.0.3 139.92 OK
r-devel-windows-x86_64 3.0.3 44.00 133.00 177.00 OK
r-patched-linux-x86_64 3.0.3 17.61 103.71 121.32 OK
r-release-linux-x86_64 3.0.3 11.04 103.95 114.99 OK
r-release-macos-arm64 3.0.3 40.00 OK
r-release-macos-x86_64 3.0.3 55.00 OK
r-release-windows-x86_64 3.0.3 26.00 141.00 167.00 OK
r-oldrel-macos-arm64 3.0.3 39.00 OK
r-oldrel-macos-x86_64 3.0.3 59.00 OK
r-oldrel-windows-ix86+x86_64 3.0.3 25.00 131.00 156.00 NOTE

Check Details

Version: 3.0.3
Check: dependencies in R code
Result: NOTE
    Initiating curl with CURL_SSL_BACKEND: openssl
Flavor: r-oldrel-windows-ix86+x86_64