CRAN Package Check Results for Package FisPro

Last updated on 2021-10-22 00:50:25 CEST.

Flavor Version Tinstall Tcheck Ttotal Status Flags
r-devel-linux-x86_64-debian-clang 1.1 178.49 83.75 262.24 OK
r-devel-linux-x86_64-debian-gcc 1.1 168.33 64.81 233.14 OK
r-devel-linux-x86_64-fedora-clang 1.1 451.78 NOTE
r-devel-linux-x86_64-fedora-gcc 1.1 425.52 OK
r-devel-windows-x86_64 1.1 261.00 139.00 400.00 NOTE
r-devel-windows-x86_64-gcc10-UCRT 1.1 OK
r-patched-linux-x86_64 1.1 203.54 82.68 286.22 OK
r-patched-solaris-x86 1.1 355.10 OK
r-release-linux-x86_64 1.1 197.98 81.27 279.25 OK
r-release-macos-arm64 1.1 NOTE
r-release-macos-x86_64 1.1 NOTE
r-release-windows-ix86+x86_64 1.1 423.00 166.00 589.00 NOTE
r-oldrel-macos-x86_64 1.1 NOTE
r-oldrel-windows-ix86+x86_64 1.1 538.00 193.00 731.00 NOTE

Check Details

Version: 1.1
Check: installed package size
Result: NOTE
     installed size is 29.9Mb
     sub-directories of 1Mb or more:
     lib 11.7Mb
     libs 17.7Mb
Flavors: r-devel-linux-x86_64-fedora-clang, r-devel-windows-x86_64, r-release-macos-arm64, r-release-macos-x86_64, r-release-windows-ix86+x86_64, r-oldrel-macos-x86_64, r-oldrel-windows-ix86+x86_64