Last updated on 2023-06-05 00:55:23 CEST.
Flavor | Version | Tinstall | Tcheck | Ttotal | Status | Flags |
---|---|---|---|---|---|---|
r-devel-linux-x86_64-debian-clang | 2.5.3 | 58.28 | 58.04 | 116.32 | OK | |
r-devel-linux-x86_64-debian-gcc | 2.5.3 | 45.03 | 44.18 | 89.21 | OK | |
r-devel-linux-x86_64-fedora-clang | 2.5.3 | 169.24 | OK | |||
r-devel-linux-x86_64-fedora-gcc | 2.5.3 | 178.76 | OK | |||
r-devel-windows-x86_64 | 2.5.3 | 45.00 | 87.00 | 132.00 | OK | |
r-patched-linux-x86_64 | 2.5.3 | 52.97 | 56.22 | 109.19 | OK | |
r-release-linux-x86_64 | 2.5.3 | 46.03 | 55.46 | 101.49 | OK | |
r-release-macos-arm64 | 2.5.3 | 51.00 | OK | |||
r-release-macos-x86_64 | 2.5.2 | 87.00 | NOTE | |||
r-release-windows-x86_64 | 2.5.3 | 58.00 | 98.00 | 156.00 | OK | |
r-oldrel-macos-arm64 | 2.5.3 | 52.00 | OK | |||
r-oldrel-macos-x86_64 | 2.5.3 | 63.00 | OK | |||
r-oldrel-windows-x86_64 | 2.5.3 | 54.00 | 97.00 | 151.00 | OK |
Version: 2.5.2
Check: C++ specification
Result: NOTE
Specified C++11: please drop specification unless essential
Flavor: r-release-macos-x86_64