CRAN Package Check Results for Package FunChisq

Last updated on 2024-06-14 00:53:42 CEST.

Flavor Version Tinstall Tcheck Ttotal Status Flags
r-devel-linux-x86_64-debian-clang 2.5.4 48.31 65.66 113.97 OK
r-devel-linux-x86_64-debian-gcc 2.5.4 35.86 41.75 77.61 ERROR
r-devel-linux-x86_64-fedora-clang 2.5.4 181.24 OK
r-devel-linux-x86_64-fedora-gcc 2.5.4 177.32 OK
r-devel-windows-x86_64 2.5.4 45.00 86.00 131.00 OK
r-patched-linux-x86_64 2.5.4 53.86 62.12 115.98 OK
r-release-linux-x86_64 2.5.4 48.68 62.81 111.49 OK
r-release-macos-arm64 2.5.4 64.00 OK
r-release-macos-x86_64 2.5.4 62.00 OK
r-release-windows-x86_64 2.5.4 44.00 92.00 136.00 OK
r-oldrel-macos-arm64 2.5.4 51.00 OK
r-oldrel-macos-x86_64 2.5.4 111.00 OK
r-oldrel-windows-x86_64 2.5.4 53.00 98.00 151.00 OK

Check Details

Version: 2.5.4
Check: package dependencies
Result: NOTE Packages suggested but not available for checking: 'DescTools', 'testthat' Flavor: r-devel-linux-x86_64-debian-gcc

Version: 2.5.4
Check: tests
Result: ERROR Running ‘testthat.R’ [0s/1s] Running the tests in ‘tests/testthat.R’ failed. Complete output: > library(testthat) Error in library(testthat) : there is no package called 'testthat' Execution halted Flavor: r-devel-linux-x86_64-debian-gcc

Version: 2.5.4
Check: re-building of vignette outputs
Result: ERROR Error(s) in re-building vignettes: ... --- re-building ‘adapted.fun.chisq.test.Rmd’ using rmarkdown Quitting from lines 127-133 [unnamed-chunk-3] (adapted.fun.chisq.test.Rmd) Error: processing vignette 'adapted.fun.chisq.test.Rmd' failed with diagnostics: could not find function "Untable" --- failed re-building ‘adapted.fun.chisq.test.Rmd’ --- re-building ‘exact.fun.test.Rmd’ using rmarkdown ** Processing: /home/hornik/tmp/R.check/r-devel-gcc/Work/PKGS/FunChisq.Rcheck/vign_test/FunChisq/vignettes/exact.fun.test_files/figure-html/unnamed-chunk-1-1.png 288x288 pixels, 3x8 bits/pixel, RGB Input IDAT size = 13360 bytes Input file size = 13450 bytes Trying: zc = 9 zm = 8 zs = 0 f = 0 IDAT size = 9987 zc = 9 zm = 8 zs = 1 f = 0 zc = 1 zm = 8 zs = 2 f = 0 zc = 9 zm = 8 zs = 3 f = 0 zc = 9 zm = 8 zs = 0 f = 5 zc = 9 zm = 8 zs = 1 f = 5 zc = 1 zm = 8 zs = 2 f = 5 zc = 9 zm = 8 zs = 3 f = 5 Selecting parameters: zc = 9 zm = 8 zs = 0 f = 0 IDAT size = 9987 Output IDAT size = 9987 bytes (3373 bytes decrease) Output file size = 10065 bytes (3385 bytes = 25.17% decrease) --- finished re-building ‘exact.fun.test.Rmd’ --- re-building ‘fun.chisq.test.Rmd’ using rmarkdown --- finished re-building ‘fun.chisq.test.Rmd’ --- re-building ‘patterns.Rmd’ using rmarkdown ** Processing: /home/hornik/tmp/R.check/r-devel-gcc/Work/PKGS/FunChisq.Rcheck/vign_test/FunChisq/vignettes/patterns_files/figure-html/unnamed-chunk-1-1.png 288x288 pixels, 3x8 bits/pixel, RGB Input IDAT size = 14526 bytes Input file size = 14616 bytes Trying: zc = 9 zm = 8 zs = 0 f = 0 IDAT size = 11340 zc = 9 zm = 8 zs = 1 f = 0 zc = 1 zm = 8 zs = 2 f = 0 zc = 9 zm = 8 zs = 3 f = 0 zc = 9 zm = 8 zs = 0 f = 5 zc = 9 zm = 8 zs = 1 f = 5 zc = 1 zm = 8 zs = 2 f = 5 zc = 9 zm = 8 zs = 3 f = 5 Selecting parameters: zc = 9 zm = 8 zs = 0 f = 0 IDAT size = 11340 Output IDAT size = 11340 bytes (3186 bytes decrease) Output file size = 11418 bytes (3198 bytes = 21.88% decrease) ** Processing: /home/hornik/tmp/R.check/r-devel-gcc/Work/PKGS/FunChisq.Rcheck/vign_test/FunChisq/vignettes/patterns_files/figure-html/unnamed-chunk-2-1.png 288x288 pixels, 3x8 bits/pixel, RGB Input IDAT size = 14181 bytes Input file size = 14271 bytes Trying: zc = 9 zm = 8 zs = 0 f = 0 IDAT size = 10872 zc = 9 zm = 8 zs = 1 f = 0 zc = 1 zm = 8 zs = 2 f = 0 zc = 9 zm = 8 zs = 3 f = 0 zc = 9 zm = 8 zs = 0 f = 5 zc = 9 zm = 8 zs = 1 f = 5 zc = 1 zm = 8 zs = 2 f = 5 zc = 9 zm = 8 zs = 3 f = 5 Selecting parameters: zc = 9 zm = 8 zs = 0 f = 0 IDAT size = 10872 Output IDAT size = 10872 bytes (3309 bytes decrease) Output file size = 10950 bytes (3321 bytes = 23.27% decrease) ** Processing: /home/hornik/tmp/R.check/r-devel-gcc/Work/PKGS/FunChisq.Rcheck/vign_test/FunChisq/vignettes/patterns_files/figure-html/unnamed-chunk-3-1.png 288x288 pixels, 3x8 bits/pixel, RGB Input IDAT size = 12853 bytes Input file size = 12943 bytes Trying: zc = 9 zm = 8 zs = 0 f = 0 IDAT size = 9818 zc = 9 zm = 8 zs = 1 f = 0 zc = 1 zm = 8 zs = 2 f = 0 zc = 9 zm = 8 zs = 3 f = 0 zc = 9 zm = 8 zs = 0 f = 5 zc = 9 zm = 8 zs = 1 f = 5 zc = 1 zm = 8 zs = 2 f = 5 zc = 9 zm = 8 zs = 3 f = 5 Selecting parameters: zc = 9 zm = 8 zs = 0 f = 0 IDAT size = 9818 Output IDAT size = 9818 bytes (3035 bytes decrease) Output file size = 9896 bytes (3047 bytes = 23.54% decrease) ** Processing: /home/hornik/tmp/R.check/r-devel-gcc/Work/PKGS/FunChisq.Rcheck/vign_test/FunChisq/vignettes/patterns_files/figure-html/unnamed-chunk-4-1.png 288x288 pixels, 3x8 bits/pixel, RGB Input IDAT size = 15031 bytes Input file size = 15121 bytes Trying: zc = 9 zm = 8 zs = 0 f = 0 IDAT size = 11772 zc = 9 zm = 8 zs = 1 f = 0 zc = 1 zm = 8 zs = 2 f = 0 zc = 9 zm = 8 zs = 3 f = 0 zc = 9 zm = 8 zs = 0 f = 5 zc = 9 zm = 8 zs = 1 f = 5 zc = 1 zm = 8 zs = 2 f = 5 zc = 9 zm = 8 zs = 3 f = 5 Selecting parameters: zc = 9 zm = 8 zs = 0 f = 0 IDAT size = 11772 Output IDAT size = 11772 bytes (3259 bytes decrease) Output file size = 11850 bytes (3271 bytes = 21.63% decrease) ** Processing: /home/hornik/tmp/R.check/r-devel-gcc/Work/PKGS/FunChisq.Rcheck/vign_test/FunChisq/vignettes/patterns_files/figure-html/unnamed-chunk-5-1.png 288x288 pixels, 3x8 bits/pixel, RGB Input IDAT size = 12381 bytes Input file size = 12471 bytes Trying: zc = 9 zm = 8 zs = 0 f = 0 IDAT size = 9493 zc = 9 zm = 8 zs = 1 f = 0 zc = 1 zm = 8 zs = 2 f = 0 zc = 9 zm = 8 zs = 3 f = 0 zc = 9 zm = 8 zs = 0 f = 5 zc = 9 zm = 8 zs = 1 f = 5 zc = 1 zm = 8 zs = 2 f = 5 zc = 9 zm = 8 zs = 3 f = 5 Selecting parameters: zc = 9 zm = 8 zs = 0 f = 0 IDAT size = 9493 Output IDAT size = 9493 bytes (2888 bytes decrease) Output file size = 9571 bytes (2900 bytes = 23.25% decrease) ** Processing: /home/hornik/tmp/R.check/r-devel-gcc/Work/PKGS/FunChisq.Rcheck/vign_test/FunChisq/vignettes/patterns_files/figure-html/unnamed-chunk-6-1.png 288x288 pixels, 3x8 bits/pixel, RGB Input IDAT size = 13422 bytes Input file size = 13512 bytes Trying: zc = 9 zm = 8 zs = 0 f = 0 IDAT size = 10261 zc = 9 zm = 8 zs = 1 f = 0 zc = 1 zm = 8 zs = 2 f = 0 zc = 9 zm = 8 zs = 3 f = 0 zc = 9 zm = 8 zs = 0 f = 5 zc = 9 zm = 8 zs = 1 f = 5 zc = 1 zm = 8 zs = 2 f = 5 zc = 9 zm = 8 zs = 3 f = 5 Selecting parameters: zc = 9 zm = 8 zs = 0 f = 0 IDAT size = 10261 Output IDAT size = 10261 bytes (3161 bytes decrease) Output file size = 10339 bytes (3173 bytes = 23.48% decrease) ** Processing: /home/hornik/tmp/R.check/r-devel-gcc/Work/PKGS/FunChisq.Rcheck/vign_test/FunChisq/vignettes/patterns_files/figure-html/unnamed-chunk-7-1.png 288x288 pixels, 3x8 bits/pixel, RGB Input IDAT size = 12761 bytes Input file size = 12851 bytes Trying: zc = 9 zm = 8 zs = 0 f = 0 IDAT size = 9671 zc = 9 zm = 8 zs = 1 f = 0 zc = 1 zm = 8 zs = 2 f = 0 zc = 9 zm = 8 zs = 3 f = 0 zc = 9 zm = 8 zs = 0 f = 5 zc = 9 zm = 8 zs = 1 f = 5 zc = 1 zm = 8 zs = 2 f = 5 zc = 9 zm = 8 zs = 3 f = 5 Selecting parameters: zc = 9 zm = 8 zs = 0 f = 0 IDAT size = 9671 Output IDAT size = 9671 bytes (3090 bytes decrease) Output file size = 9749 bytes (3102 bytes = 24.14% decrease) ** Processing: /home/hornik/tmp/R.check/r-devel-gcc/Work/PKGS/FunChisq.Rcheck/vign_test/FunChisq/vignettes/patterns_files/figure-html/unnamed-chunk-8-1.png 288x288 pixels, 3x8 bits/pixel, RGB Input IDAT size = 16671 bytes Input file size = 16773 bytes Trying: zc = 9 zm = 8 zs = 0 f = 0 IDAT size = 12379 zc = 9 zm = 8 zs = 1 f = 0 zc = 1 zm = 8 zs = 2 f = 0 zc = 9 zm = 8 zs = 3 f = 0 zc = 9 zm = 8 zs = 0 f = 5 zc = 9 zm = 8 zs = 1 f = 5 zc = 1 zm = 8 zs = 2 f = 5 zc = 9 zm = 8 zs = 3 f = 5 Selecting parameters: zc = 9 zm = 8 zs = 0 f = 0 IDAT size = 12379 Output IDAT size = 12379 bytes (4292 bytes decrease) Output file size = 12457 bytes (4316 bytes = 25.73% decrease) --- finished re-building ‘patterns.Rmd’ SUMMARY: processing the following file failed: ‘adapted.fun.chisq.test.Rmd’ Error: Vignette re-building failed. Execution halted Flavor: r-devel-linux-x86_64-debian-gcc