CRAN Package Check Results for Package FuncNN

Last updated on 2024-07-23 00:54:28 CEST.

Flavor Version Tinstall Tcheck Ttotal Status Flags
r-devel-linux-x86_64-debian-clang 1.0 20.97 153.73 174.70 OK
r-devel-linux-x86_64-debian-gcc 1.0 16.50 113.25 129.75 OK
r-devel-linux-x86_64-fedora-clang 1.0 214.84 NOTE
r-devel-linux-x86_64-fedora-gcc 1.0 198.88 NOTE
r-devel-windows-x86_64 1.0 17.00 119.00 136.00 OK
r-patched-linux-x86_64 1.0 16.98 152.31 169.29 OK
r-release-linux-x86_64 1.0 14.97 149.61 164.58 OK
r-release-macos-arm64 1.0 58.00 OK
r-release-macos-x86_64 1.0 86.00 OK
r-release-windows-x86_64 1.0 19.00 128.00 147.00 OK
r-oldrel-macos-arm64 1.0 66.00 OK
r-oldrel-macos-x86_64 1.0 107.00 OK
r-oldrel-windows-x86_64 1.0 24.00 155.00 179.00 OK

Additional issues

donttest

Check Details

Version: 1.0
Check: dependencies in R code
Result: NOTE Namespace in Imports field not imported from: ‘foreach’ All declared Imports should be used. Flavors: r-devel-linux-x86_64-fedora-clang, r-devel-linux-x86_64-fedora-gcc