CRAN Package Check Results for Package FuzzyNumbers

Last updated on 2021-11-27 00:51:31 CET.

Flavor Version Tinstall Tcheck Ttotal Status Flags
r-devel-linux-x86_64-debian-clang 0.4-7 8.49 74.16 82.65 OK
r-devel-linux-x86_64-debian-gcc 0.4-7 5.92 56.19 62.11 OK
r-devel-linux-x86_64-fedora-clang 0.4-7 123.31 WARN
r-devel-linux-x86_64-fedora-gcc 0.4-7 108.08 WARN
r-devel-windows-x86_64-new-UL 0.4-7 26.00 153.00 179.00 OK
r-devel-windows-x86_64-new-TK 0.4-7 WARN
r-devel-windows-x86_64-old 0.4-7 11.00 97.00 108.00 OK
r-patched-linux-x86_64 0.4-7 10.70 72.74 83.44 OK
r-patched-solaris-x86 0.4-7 137.50 OK
r-release-linux-x86_64 0.4-7 OK
r-release-macos-arm64 0.4-7 OK
r-release-macos-x86_64 0.4-7 OK
r-release-windows-ix86+x86_64 0.4-7 16.00 118.00 134.00 OK
r-oldrel-macos-x86_64 0.4-7 OK
r-oldrel-windows-ix86+x86_64 0.4-7 16.00 128.00 144.00 OK

Check Details

Version: 0.4-7
Check: re-building of vignette outputs
Result: WARN
    Error(s) in re-building vignettes:
    --- re-building ‘FuzzyNumbersTutorial.Rnw’ using knitr
    Loading required package: knitr
    Error: processing vignette 'FuzzyNumbersTutorial.Rnw' failed with diagnostics:
    Running 'texi2dvi' on 'FuzzyNumbersTutorial.tex' failed.
    LaTeX errors:
    ! Package xcolor Error: Undefined color `fgcolor'.
    
    See the xcolor package documentation for explanation.
    Type H <return> for immediate help.
     ...
    ! Package xcolor Error: Undefined color `fgcolor'.
    
    See the xcolor package documentation for explanation.
    Type H <return> for immediate help.
     ...
    ! Package xcolor Error: Undefined color `fgcolor'.
    
    See the xcolor package documentation for explanation.
    Type H <return> for immediate help.
     ...
    ! Package xcolor Error: Undefined color `fgcolor'.
    
    See the xcolor package documentation for explanation.
    Type H <return> for immediate help.
     ...
    ! Package xcolor Error: Undefined color `fgcolor'.
    
    See the xcolor package documentation for explanation.
    Type H <return> for immediate help.
     ...
    ! Package xcolor Error: Undefined color `fgcolor'.
    
    See the xcolor package documentation for explanation.
    Type H <return> for immediate help.
     ...
    ! Package xcolor Error: Undefined color `fgcolor'.
    
    See the xcolor package documentation for explanation.
    Type H <return> for immediate help.
     ...
    ! Package xcolor Error: Undefined color `fgcolor'.
    
    See the xcolor package documentation for explanation.
    Type H <return> for immediate help.
     ...
    ! Package xcolor Error: Undefined color `fgcolor'.
    
    See the xcolor package documentation for explanation.
    Type H <return> for immediate help.
     ...
    ! Package xcolor Error: Undefined color `fgcolor'.
    
    See the xcolor package documentation for explanation.
    Type H <return> for immediate help.
     ...
    ! Package xcolor Error: Undefined color `fgcolor'.
    
    See the xcolor package documentation for explanation.
    Type H <return> for immediate help.
     ...
    ! Package xcolor Error: Undefined color `fgcolor'.
    
    See the xcolor package documentation for explanation.
    Type H <return> for immediate help.
     ...
    ! Package xcolor Error: Undefined color `fgcolor'.
    
    See the xcolor package documentation for explanation.
    Type H <return> for immediate help.
     ...
    ! Package xcolor Error: Undefined color `fgcolor'.
    
    See the xcolor package documentation for explanation.
    Type H <return> for immediate help.
     ...
    ! Package xcolor Error: Undefined color `fgcolor'.
    
    See the xcolor package documentation for explanation.
    Type H <return> for immediate help.
     ...
    ! Package xcolor Error: Undefined color `fgcolor'.
    
    See the xcolor package documentation for explanation.
    Type H <return> for immediate help.
     ...
    ! Package xcolor Error: Undefined color `fgcolor'.
    
    See the xcolor package documentation for explanation.
    Type H <return> for immediate help.
     ...
    ! Package xcolor Error: Undefined color `fgcolor'.
    
    See the xcolor package documentation for explanation.
    Type H <return> for immediate help.
     ...
    ! Package xcolor Error: Undefined color `fgcolor'.
    
    See the xcolor package documentation for explanation.
    Type H <return> for immediate help.
     ...
    ! Package xcolor Error: Undefined color `fgcolor'.
    
    See the xcolor package documentation for explanation.
    Type H <return> for immediate help.
     ...
    ! Package xcolor Error: Undefined color `fgcolor'.
    
    See the xcolor package documentation for explanation.
    Type H <return> for immediate help.
     ...
    ! Package xcolor Error: Undefined color `fgcolor'.
    
    See the xcolor package documentation for explanation.
    Type H <return> for immediate help.
     ...
    ! Package xcolor Error: Undefined color `fgcolor'.
    
    See the xcolor package documentation for explanation.
    Type H <return> for immediate help.
     ...
    ! Package xcolor Error: Undefined color `fgcolor'.
    
    See the xcolor package documentation for explanation.
    Type H <return> for immediate help.
     ...
    ! Package xcolor Error: Undefined color `fgcolor'.
    
    See the xcolor package documentation for explanation.
    Type H <return> for immediate help.
     ...
    ! Package xcolor Error: Undefined color `fgcolor'.
    
    See the xcolor package documentation for explanation.
    Type H <return> for immediate help.
     ...
    ! Package xcolor Error: Undefined color `fgcolor'.
    
    See the xcolor package documentation for explanation.
    Type H <return> for immediate help.
     ...
    ! Package xcolor Error: Undefined color `fgcolor'.
    
    See the xcolor package documentation for explanation.
    Type H <return> for immediate help.
     ...
    ! Package xcolor Error: Undefined color `fgcolor'.
    
    See the xcolor package documentation for explanation.
    Type H <return> for immediate help.
     ...
    ! Package xcolor Error: Undefined color `fgcolor'.
    
    See the xcolor package documentation for explanation.
    Type H <return> for immediate help.
     ...
    ! Package xcolor Error: Undefined color `fgcolor'.
    
    See the xcolor package documentation for explanation.
    Type H <return> for immediate help.
     ...
    ! Package xcolor Error: Undefined color `fgcolor'.
    
    See the xcolor package documentation for explanation.
    Type H <return> for immediate help.
     ...
    ! Package xcolor Error: Undefined color `fgcolor'.
    
    See the xcolor package documentation for explanation.
    Type H <return> for immediate help.
     ...
    ! Package xcolor Error: Undefined color `fgcolor'.
    
    See the xcolor package documentation for explanation.
    Type H <return> for immediate help.
     ...
    ! Package xcolor Error: Undefined color `fgcolor'.
    
    See the xcolor package documentation for explanation.
    Type H <return> for immediate help.
     ...
    ! Package xcolor Error: Undefined color `fgcolor'.
    
    See the xcolor package documentation for explanation.
    Type H <return> for immediate help.
     ...
    ! Package xcolor Error: Undefined color `fgcolor'.
    
    See the xcolor package documentation for explanation.
    Type H <return> for immediate help.
     ...
    ! Package xcolor Error: Undefined color `fgcolor'.
    
    See the xcolor package documentation for explanation.
    Type H <return> for immediate help.
     ...
    ! Package xcolor Error: Undefined color `fgcolor'.
    
    See the xcolor package documentation for explanation.
    Type H <return> for immediate help.
     ...
    ! Package xcolor Error: Undefined color `fgcolor'.
    
    See the xcolor package documentation for explanation.
    Type H <return> for immediate help.
     ...
    ! Package xcolor Error: Undefined color `fgcolor'.
    
    See the xcolor package documentation for explanation.
    Type H <return> for immediate help.
     ...
    ! Package xcolor Error: Undefined color `fgcolor'.
    
    See the xcolor package documentation for explanation.
    Type H <return>
    --- failed re-building ‘FuzzyNumbersTutorial.Rnw’
    
    SUMMARY: processing the following file failed:
     ‘FuzzyNumbersTutorial.Rnw’
    
    Error: Vignette re-building failed.
    Execution halted
Flavors: r-devel-linux-x86_64-fedora-clang, r-devel-linux-x86_64-fedora-gcc

Version: 0.4-7
Check: re-building of vignette outputs
Result: WARN
    Error(s) in re-building vignettes:
    --- re-building 'FuzzyNumbersTutorial.Rnw' using knitr
    Loading required package: knitr
    Warning in system(paste(shQuote(texi2dvi), if (quiet) "--quiet" else "", :
     running command '"C:\PROGRA~1\MiKTeX\miktex\bin\x64\texify.exe" --quiet --pdf "FuzzyNumbersTutorial.tex" --max-iterations=20 -I "C:/r_packages/rinst/share/texmf/tex/latex" -I "C:/r_packages/rinst/share/texmf/bibtex/bst"' had status 1
    Error: processing vignette 'FuzzyNumbersTutorial.Rnw' failed with diagnostics:
    running 'texi2dvi' on 'FuzzyNumbersTutorial.tex' failed
    
    LaTeX errors:
    bers/vignettes/FuzzyNumbersTutorial.tex:280: Package xcolor Error: Undefined co
    lor `fgcolor'.
    
    See the xcolor package documentation for explanation.
    Type H <return> for immediate help.
    bers/vignettes/FuzzyNumbersTutorial.tex:292: Package xcolor Error: Undefined co
    lor `fgcolor'.
    
    See the xcolor package documentation for explanation.
    Type H <return> for immediate help.
    bers/vignettes/FuzzyNumbersTutorial.tex:307: Package xcolor Error: Undefined co
    lor `fgcolor'.
    
    See the xcolor package documentation for explanation.
    Type H <return> for immediate help.
    bers/vignettes/FuzzyNumbersTutorial.tex:318: Package xcolor Error: Undefined co
    lor `fgcolor'.
    
    See the xcolor package documentation for explanation.
    Type H <return> for immediate help.
    bers/vignettes/FuzzyNumbersTutorial.tex:382: Package xcolor Error: Undefined co
    lor `fgcolor'.
    
    See the xcolor package documentation for explanation.
    Type H <return> for immediate help.
    bers/vignettes/FuzzyNumbersTutorial.tex:396: Package xcolor Error: Undefined co
    lor `fgcolor'.
    
    See the xcolor package documentation for explanation.
    Type H <return> for immediate help.
    bers/vignettes/FuzzyNumbersTutorial.tex:413: Package xcolor Error: Undefined co
    lor `fgcolor'.
    
    See the xcolor package documentation for explanation.
    Type H <return> for immediate help.
    bers/vignettes/FuzzyNumbersTutorial.tex:429: Package xcolor Error: Undefined co
    lor `fgcolor'.
    
    See the xcolor package documentation for explanation.
    Type H <return> for immediate help.
    bers/vignettes/FuzzyNumbersTutorial.tex:438: Package xcolor Error: Undefined co
    lor `fgcolor'.
    
    See the xcolor package documentation for explanation.
    Type H <return> for immediate help.
    bers/vignettes/FuzzyNumbersTutorial.tex:470: Package xcolor Error: Undefined co
    lor `fgcolor'.
    
    See the xcolor package documentation for explanation.
    Type H <return> for immediate help.
    bers/vignettes/FuzzyNumbersTutorial.tex:485: Package xcolor Error: Undefined co
    lor `fgcolor'.
    
    See the xcolor package documentation for explanation.
    Type H <return> for immediate help.
    bers/vignettes/FuzzyNumbersTutorial.tex:512: Package xcolor Error: Undefined co
    lor `fgcolor'.
    
    See the xcolor package documentation for explanation.
    Type H <return> for immediate help.
    bers/vignettes/FuzzyNumbersTutorial.tex:525: Package xcolor Error: Undefined co
    lor `fgcolor'.
    
    See the xcolor package documentation for explanation.
    Type H <return> for immediate help.
    bers/vignettes/FuzzyNumbersTutorial.tex:570: Package xcolor Error: Undefined co
    lor `fgcolor'.
    
    See the xcolor package documentation for explanation.
    Type H <return> for immediate help.
    bers/vignettes/FuzzyNumbersTutorial.tex:590: Package xcolor Error: Undefined co
    lor `fgcolor'.
    
    See the xcolor package documentation for explanation.
    Type H <return> for immediate help.
    bers/vignettes/FuzzyNumbersTutorial.tex:618: Package xcolor Error: Undefined co
    lor `fgcolor'.
    
    See the xcolor package documentation for explanation.
    Type H <return> for immediate help.
    bers/vignettes/FuzzyNumbersTutorial.tex:636: Package xcolor Error: Undefined co
    lor `fgcolor'.
    
    See the xcolor package documentation for explanation.
    Type H <return> for immediate help.
    bers/vignettes/FuzzyNumbersTutorial.tex:645: Package xcolor Error: Undefined co
    lor `fgcolor'.
    
    See the xcolor package documentation for explanation.
    Type H <return> for immediate help.
    bers/vignettes/FuzzyNumbersTutorial.tex:666: Package xcolor Error: Undefined co
    lor `fgcolor'.
    
    See the xcolor package documentation for explanation.
    Type H <return> for immediate help.
    bers/vignettes/FuzzyNumbersTutorial.tex:688: Package xcolor Error: Undefined co
    lor `fgcolor'.
    
    See the xcolor package documentation for explanation.
    Type H <return> for immediate help.
    bers/vignettes/FuzzyNumbersTutorial.tex:721: Package xcolor Error: Undefined co
    lor `fgcolor'.
    
    See the xcolor package documentation for explanation.
    Type H <return> for immediate help.
    bers/vignettes/FuzzyNumbersTutorial.tex:791: Package xcolor Error: Undefined co
    lor `fgcolor'.
    
    See the xcolor package documentation for explanation.
    Type H <return> for immediate help.
    bers/vignettes/FuzzyNumbersTutorial.tex:865: Package xcolor Error: Undefined co
    lor `fgcolor'.
    
    See the xcolor package documentation for explanation.
    Type H <return> for immediate help.
    bers/vignettes/FuzzyNumbersTutorial.tex:902: Package xcolor Error: Undefined co
    lor `fgcolor'.
    
    See the xcolor package documentation for explanation.
    Type H <return> for immediate help.
    bers/vignettes/FuzzyNumbersTutorial.tex:918: Package xcolor Error: Undefined co
    lor `fgcolor'.
    
    See the xcolor package documentation for explanation.
    Type H <return> for immediate help.
    bers/vignettes/FuzzyNumbersTutorial.tex:927: Package xcolor Error: Undefined co
    lor `fgcolor'.
    
    See the xcolor package documentation for explanation.
    Type H <return> for immediate help.
    bers/vignettes/FuzzyNumbersTutorial.tex:956: Package xcolor Error: Undefined co
    lor `fgcolor'.
    
    See the xcolor package documentation for explanation.
    Type H <return> for immediate help.
    bers/vignettes/FuzzyNumbersTutorial.tex:1006: Package xcolor Error: Undefined c
    olor `fgcolor'.
    
    See the xcolor package documentation for explanation.
    Type H <return> for immediate help.
    bers/vignettes/FuzzyNumbersTutorial.tex:1106: Package xcolor Error: Undefined c
    olor `fgcolor'.
    
    See the xcolor package documentation for explanation.
    Type H <return> for immediate help.
    bers/vignettes/FuzzyNumbersTutorial.tex:1145: Package xcolor Error: Undefined c
    olor `fgcolor'.
    
    See the xcolor package documentation for explanation.
    Type H <return> for immediate help.
    bers/vignettes/FuzzyNumbersTutorial.tex:1160: Package xcolor Error: Undefined c
    olor `fgcolor'.
    
    See the xcolor package documentation for explanation.
    Type H <return> for immediate help.
    bers/vignettes/FuzzyNumbersTutorial.tex:1224: Package xcolor Error: Undefined c
    olor `fgcolor'.
    
    See the xcolor package documentation for explanation.
    Type H <return> for immediate help.
    bers/vignettes/FuzzyNumbersTutorial.tex:1255: Package xcolor Error: Undefined c
    olor `fgcolor'.
    
    See the xcolor package documentation for explanation.
    Type H <return> for immediate help.
    bers/vignettes/FuzzyNumbersTutorial.tex:1281: Package xcolor Error: Undefined c
    olor `fgcolor'.
    
    See the xcolor package documentation for explanation.
    Type H <return> for immediate help.
    bers/vignettes/FuzzyNumbersTutorial.tex:1297: Package xcolor Error: Undefined c
    olor `fgcolor'.
    
    See the xcolor package documentation for explanation.
    Type H <return> for immediate help.
    bers/vignettes/FuzzyNumbersTutorial.tex:1336: Package xcolor Error: Undefined c
    olor `fgcolor'.
    
    See the xcolor package documentation for explanation.
    Type H <return> for immediate help.
    bers/vignettes/FuzzyNumbersTutorial.tex:1362: Package xcolor Error: Undefined c
    olor `fgcolor'.
    
    See the xcolor package documentation for explanation.
    Type H <return> for immediate help.
    bers/vignettes/FuzzyNumbersTutorial.tex:1414: Package xcolor Error: Undefined c
    olor `fgcolor'.
    
    See the xcolor package documentation for explanation.
    Type H <return> for immediate help.
    bers/vignettes/FuzzyNumbersTutorial.tex:1429: Package xcolor Error: Undefined c
    olor `fgcolor'.
    
    See the xcolor package documentation for explanation.
    Type H <return> for immediate help.
    bers/vignettes/FuzzyNumbersTutorial.tex:1453: Package xcolor Error: Undefined c
    olor `fgcolor'.
    
    See the xcolor package documentation for explanation.
    Type H <return> for immediate help.
    bers/vignettes/FuzzyNumbersTutorial.tex:1464: Package xcolor Error: Undefined c
    olor `fgcolor'.
    
    See the xcolor package documentation for explanation.
    Type H <return> for immediate help.
    bers/vignettes/FuzzyNumbersTutorial.tex:1487: Package xcolor Error: Undefined c
    olor `fgcolor'.
    
    See the xcolor package documentation for explanation.
    Type H <return> for immediate help.
    bers/vignettes/FuzzyNumbersTutorial.tex:1497: Package xcolor Error: Undefined c
    olor `fgcolor'.
    
    See the xcolor package documentation for explanation.
    Type H <return> for immediate help.
    bers/vignettes/Fuzz
    --- failed re-building 'FuzzyNumbersTutorial.Rnw'
    
    SUMMARY: processing the following file failed:
     'FuzzyNumbersTutorial.Rnw'
    
    Error: Vignette re-building failed.
    Execution halted
Flavor: r-devel-windows-x86_64-new-TK