CRAN Package Check Results for Package FuzzyR

Last updated on 2021-10-20 00:49:39 CEST.

Flavor Version Tinstall Tcheck Ttotal Status Flags
r-devel-linux-x86_64-debian-clang 2.3.2 7.91 71.07 78.98 OK
r-devel-linux-x86_64-debian-gcc 2.3.2 6.50 52.52 59.02 OK
r-devel-linux-x86_64-fedora-clang 2.3.2 105.29 OK
r-devel-linux-x86_64-fedora-gcc 2.3.2 93.86 OK
r-devel-windows-x86_64 2.3.2 15.00 96.00 111.00 OK
r-devel-windows-x86_64-gcc10-UCRT 2.3.2 OK
r-patched-linux-x86_64 2.3.2 8.86 67.55 76.41 OK
r-patched-solaris-x86 2.3.2 118.90 OK
r-release-linux-x86_64 2.3.2 6.91 67.50 74.41 OK
r-release-macos-arm64 2.3.2 OK
r-release-macos-x86_64 2.3.2 OK
r-release-windows-ix86+x86_64 2.3.2 15.00 96.00 111.00 OK
r-oldrel-macos-x86_64 2.3.2 OK
r-oldrel-windows-ix86+x86_64 2.3.2 3.00 8.00 11.00 ERROR

Check Details

Version: 2.3.2
Check: whether package can be installed
Result: ERROR
    Installation failed.
Flavor: r-oldrel-windows-ix86+x86_64