CRAN Package Check Results for Package GA

Last updated on 2021-12-01 00:50:51 CET.

Flavor Version Tinstall Tcheck Ttotal Status Flags
r-devel-linux-x86_64-debian-clang 3.2.2 49.11 95.91 145.02 OK
r-devel-linux-x86_64-debian-gcc 3.2.2 38.78 78.58 117.36 OK
r-devel-linux-x86_64-fedora-clang 3.2.2 204.38 NOTE
r-devel-linux-x86_64-fedora-gcc 3.2.2 185.05 OK
r-devel-windows-x86_64-new-UL 3.2.2 86.00 178.00 264.00 NOTE
r-devel-windows-x86_64-new-TK 3.2.2 OK
r-devel-windows-x86_64-old 3.2.2 68.00 104.00 172.00 NOTE
r-patched-linux-x86_64 3.2.2 46.52 93.39 139.91 OK
r-patched-solaris-x86 3.2.2 150.30 NOTE
r-release-linux-x86_64 3.2.2 44.55 91.95 136.50 OK
r-release-macos-arm64 3.2.2 NOTE
r-release-macos-x86_64 3.2.2 NOTE
r-release-windows-ix86+x86_64 3.2.2 119.00 163.00 282.00 NOTE
r-oldrel-macos-x86_64 3.2.2 NOTE
r-oldrel-windows-ix86+x86_64 3.2.2 84.00 129.00 213.00 NOTE

Check Details

Version: 3.2.2
Check: installed package size
Result: NOTE
     installed size is 48.3Mb
     sub-directories of 1Mb or more:
     doc 44.4Mb
     libs 3.3Mb
Flavors: r-devel-linux-x86_64-fedora-clang, r-devel-windows-x86_64-new-UL, r-devel-windows-x86_64-old, r-patched-solaris-x86, r-release-macos-arm64, r-release-macos-x86_64, r-release-windows-ix86+x86_64, r-oldrel-macos-x86_64, r-oldrel-windows-ix86+x86_64