Last updated on 2023-06-09 00:54:22 CEST.
Flavor | Version | Tinstall | Tcheck | Ttotal | Status | Flags |
---|---|---|---|---|---|---|
r-devel-linux-x86_64-debian-clang | 3.2.3 | 53.35 | 99.75 | 153.10 | NOTE | |
r-devel-linux-x86_64-debian-gcc | 3.2.3 | 44.64 | 73.77 | 118.41 | NOTE | |
r-devel-linux-x86_64-fedora-clang | 3.2.3 | 197.44 | NOTE | |||
r-devel-linux-x86_64-fedora-gcc | 3.2.3 | 211.32 | NOTE | |||
r-devel-windows-x86_64 | 3.2.3 | 40.00 | 116.00 | 156.00 | NOTE | |
r-patched-linux-x86_64 | 3.2.3 | 49.15 | 95.79 | 144.94 | NOTE | |
r-release-linux-x86_64 | 3.2.3 | 45.66 | 94.80 | 140.46 | NOTE | |
r-release-macos-arm64 | 3.2.3 | 63.00 | NOTE | |||
r-release-macos-x86_64 | 3.2.3 | 103.00 | NOTE | |||
r-release-windows-x86_64 | 3.2.3 | 54.00 | 141.00 | 195.00 | NOTE | |
r-oldrel-macos-arm64 | 3.2.3 | 62.00 | NOTE | |||
r-oldrel-macos-x86_64 | 3.2.3 | 85.00 | NOTE | |||
r-oldrel-windows-x86_64 | 3.2.3 | 53.00 | 136.00 | 189.00 | NOTE |
Version: 3.2.3
Check: C++ specification
Result: NOTE
Specified C++14: please drop specification unless essential
Flavors: r-devel-linux-x86_64-debian-clang, r-devel-linux-x86_64-debian-gcc, r-devel-linux-x86_64-fedora-clang, r-devel-linux-x86_64-fedora-gcc, r-devel-windows-x86_64, r-patched-linux-x86_64, r-release-linux-x86_64, r-release-macos-arm64, r-release-macos-x86_64, r-release-windows-x86_64
Version: 3.2.3
Check: dependencies in R code
Result: NOTE
‘:::’ call which should be ‘::’: ‘graphics:::grid’
See the note in ?`:::` about the use of this operator.
Flavors: r-devel-linux-x86_64-debian-clang, r-devel-linux-x86_64-debian-gcc, r-devel-linux-x86_64-fedora-clang, r-devel-linux-x86_64-fedora-gcc, r-devel-windows-x86_64, r-patched-linux-x86_64, r-release-linux-x86_64, r-release-macos-arm64, r-release-macos-x86_64, r-release-windows-x86_64
Version: 3.2.3
Check: installed package size
Result: NOTE
installed size is 45.5Mb
sub-directories of 1Mb or more:
doc 44.3Mb
Flavors: r-devel-linux-x86_64-fedora-clang, r-devel-windows-x86_64, r-release-macos-arm64, r-release-macos-x86_64, r-release-windows-x86_64, r-oldrel-macos-arm64, r-oldrel-macos-x86_64, r-oldrel-windows-x86_64